{"id":7640,"date":"2022-02-08T07:46:19","date_gmt":"2022-02-08T06:46:19","guid":{"rendered":"https:\/\/svitimprotebe.cz\/eshop\/?page_id=7640"},"modified":"2026-04-16T07:47:52","modified_gmt":"2026-04-16T05:47:52","slug":"cena-dopravy","status":"publish","type":"page","link":"https:\/\/svitimprotebe.cz\/eshop\/cena-dopravy\/","title":{"rendered":"Cena dopravy"},"content":{"rendered":"\t\t<div data-elementor-type=\"wp-page\" data-elementor-id=\"7640\" class=\"elementor elementor-7640\" data-elementor-post-type=\"page\">\n\t\t\t\t<div class=\"elementor-element elementor-element-25023b9a e-flex e-con-boxed e-con e-parent\" data-id=\"25023b9a\" data-element_type=\"container\">\n\t\t\t\t\t<div class=\"e-con-inner\">\n\t\t\t\t<div class=\"elementor-element elementor-element-22031ad elementor-widget elementor-widget-text-editor\" data-id=\"22031ad\" data-element_type=\"widget\" data-widget_type=\"text-editor.default\">\n\t\t\t\t<div class=\"elementor-widget-container\">\n\t\t\t\t\t\t\t\t\t<h1>Cena dopravy<\/h1>\t\t\t\t\t\t\t\t<\/div>\n\t\t\t\t<\/div>\n\t\t\t\t<div class=\"elementor-element elementor-element-3993b846 elementor-widget elementor-widget-text-editor\" data-id=\"3993b846\" data-element_type=\"widget\" data-widget_type=\"text-editor.default\">\n\t\t\t\t<div class=\"elementor-widget-container\">\n\t\t\t\t\t\t\t\t\t<table style=\"border-collapse: collapse; width: 100%; height: 310px;\"><tbody><tr style=\"height: 24px;\"><td style=\"width: 50%; height: 24px;\"><strong>Zp\u016fsob dopravy v&nbsp;\u010cesku<\/strong><\/td><td style=\"width: 50%; height: 24px;\"><strong>Cena*<\/strong><\/td><\/tr><tr style=\"height: 24px;\"><td style=\"width: 50%; height: 24px;\">Z\u00e1silkovna<\/td><td style=\"width: 50%; height: 24px;\">65&nbsp;K\u010d<\/td><\/tr><tr style=\"height: 24px;\"><td style=\"width: 50%; height: 24px;\">\u010cesk\u00e1 po\u0161ta &#8211; bal\u00edk do ruky<\/td><td style=\"width: 50%; height: 24px;\">91&nbsp;K\u010d<\/td><\/tr><tr style=\"height: 24px;\"><td style=\"width: 50%; height: 24px;\">\u010cesk\u00e1 po\u0161ta &#8211; Bal\u00edkovna<\/td><td style=\"width: 50%; height: 24px;\">60&nbsp;K\u010d<\/td><\/tr><tr style=\"height: 24px;\"><td style=\"width: 50%; height: 24px;\">GLS &#8211; v\u00fddejn\u00ed m\u00edsto<\/td><td style=\"width: 50%; height: 24px;\">70&nbsp;K\u010d<\/td><\/tr><tr style=\"height: 24px;\"><td style=\"width: 50%; height: 24px;\">GLS &#8211; na adresu<\/td><td style=\"width: 50%; height: 24px;\">80&nbsp;K\u010d<\/td><\/tr><tr style=\"height: 24px;\"><td style=\"width: 50%; height: 24px;\">TOPTRANS Standard (nadrozm\u011brn\u00e9 zbo\u017e\u00ed)<\/td><td style=\"width: 50%; height: 24px;\">260&nbsp;K\u010d<\/td><\/tr><tr style=\"height: 24px;\"><td style=\"width: 50%; height: 24px;\">\u010cesk\u00e1 po\u0161ta &#8211; bal\u00edk do ruky (nadrozm\u011brn\u00e9 zbo\u017e\u00ed)<\/td><td style=\"width: 50%; height: 24px;\">339&nbsp;K\u010d<\/td><\/tr><tr><td style=\"width: 50%;\">Osobn\u00ed odb\u011br**<\/td><td style=\"width: 50%;\">ZDARMA<\/td><\/tr><tr style=\"height: 24px;\"><td style=\"width: 50%; height: 24px;\">Dob\u00edrka (pouze v&nbsp;\u010cR)<\/td><td style=\"width: 50%; height: 24px;\">50&nbsp;K\u010d<\/td><\/tr><\/tbody><\/table><table style=\"border-collapse: collapse; width: 100%; height: 310px;\"><tbody><tr style=\"height: 24px;\"><td style=\"width: 50%; height: 24px;\"><strong>Zp\u016fsob dopravy na Slovensko<\/strong><\/td><td style=\"width: 50%; height: 24px;\"><strong>Cena*<\/strong><\/td><\/tr><tr style=\"height: 24px;\"><td style=\"width: 50%; height: 24px;\">Z\u00e1silkovna<\/td><td style=\"width: 50%; height: 24px;\">80&nbsp;K\u010d<\/td><\/tr><tr style=\"height: 22px;\"><td style=\"width: 50%; height: 22px;\">GLS &#8211; v\u00fddejn\u00ed m\u00edsto<\/td><td style=\"width: 50%; height: 22px;\">87&nbsp;K\u010d<\/td><\/tr><tr style=\"height: 24px;\"><td style=\"width: 50%; height: 24px;\">GLS &#8211; na adresu<\/td><td style=\"width: 50%; height: 24px;\">123&nbsp;K\u010d<\/td><\/tr><tr style=\"height: 24px;\"><td style=\"width: 50%; height: 24px;\">TOPTRANS (nadrozm\u011brn\u00e9 zbo\u017e\u00ed)<\/td><td style=\"width: 50%; height: 24px;\">445&nbsp;K\u010d<\/td><\/tr><\/tbody><\/table><p><span style=\"color: #808080; font-size: small;\">*\u00a0<\/span><span style=\"color: #808080; font-size: small;\">Ceny jsou uvedeny v\u017edy v\u010detn\u011b DPH.<\/span><\/p><p><span style=\"color: #808080; font-size: small;\">*<\/span><span style=\"color: #808080; font-size: small;\">* Osobn\u00ed odb\u011br je mo\u017en\u00fd na adrese<\/span><span style=\"color: #808080; font-size: small;\">\u00a0Vala\u0161sk\u00e1 Byst\u0159ice 695, PS\u010c: 756&nbsp;27 od pond\u011bl\u00ed do p\u00e1tku v&nbsp;\u010dase\u00a0<\/span><span style=\"color: #808080; font-size: small;\">8:00\u201315:00.\u00a0<\/span><span style=\"color: #808080; font-size: small;\">P\u0159i osobn\u00edm odb\u011bru akceptujeme pouze platbu okam\u017eit\u00fdm bankovn\u00edm p\u0159evodem nebo v&nbsp;hotovosti.<\/span><\/p><div>\u00a0<\/div><div style=\"background-color: #fce404; border-radius: 20px; padding: 10px;\"><h3 style=\"text-align: center;\"><strong>\u00a0<\/strong><strong>P\u0159i objedn\u00e1vce nad 1&nbsp;800&nbsp;K\u010d s&nbsp;DPH v\u00e1m doru\u010d\u00edme zbo\u017e\u00ed zdarma!<\/strong><\/h3><\/div><div class=\"gdc_row\"><div class=\"gdc_column gdc_cthird\"><div class=\"gdc_inner\"><br \/><img fetchpriority=\"high\" decoding=\"async\" src=\"https:\/\/svitimprotebe.cz\/eshop\/wp-content\/uploads\/2023\/04\/zasilkovna_2.jpg\" alt=\"\u010derven\u00e1 dod\u00e1vka Z\u00e1silkovna\" width=\"1168\" height=\"778\" \/><br \/><\/div><\/div><div class=\"gdc_column gdc_cthird\"><div class=\"gdc_inner\"><img decoding=\"async\" class=\"alignnone size-medium wp-image-152365\" src=\"https:\/\/svitimprotebe.cz\/eshop\/wp-content\/uploads\/2026\/04\/doprava-zbozi-zasilkovnou.jpg\" alt=\"\" width=\"1\" height=\"1\" \/><img decoding=\"async\" class=\"alignnone wp-image-152475 size-full\" src=\"https:\/\/svitimprotebe.cz\/eshop\/wp-content\/uploads\/2026\/04\/doprava-zbozi-zasilkovnou-1.jpg\" alt=\"\" width=\"1168\" height=\"778\" srcset=\"https:\/\/svitimprotebe.cz\/eshop\/wp-content\/uploads\/2026\/04\/doprava-zbozi-zasilkovnou-1.jpg 1168w, https:\/\/svitimprotebe.cz\/eshop\/wp-content\/uploads\/2026\/04\/doprava-zbozi-zasilkovnou-1-300x200.jpg 300w, https:\/\/svitimprotebe.cz\/eshop\/wp-content\/uploads\/2026\/04\/doprava-zbozi-zasilkovnou-1-1024x682.jpg 1024w, https:\/\/svitimprotebe.cz\/eshop\/wp-content\/uploads\/2026\/04\/doprava-zbozi-zasilkovnou-1-768x512.jpg 768w, https:\/\/svitimprotebe.cz\/eshop\/wp-content\/uploads\/2026\/04\/doprava-zbozi-zasilkovnou-1-740x493.jpg 740w, https:\/\/svitimprotebe.cz\/eshop\/wp-content\/uploads\/2026\/04\/doprava-zbozi-zasilkovnou-1-64x43.jpg 64w\" sizes=\"(max-width: 1168px) 100vw, 1168px\" \/><br \/><\/div><\/div><div class=\"gdc_column gdc_cthird\"><div class=\"gdc_inner\"><br \/><img loading=\"lazy\" decoding=\"async\" src=\"https:\/\/svitimprotebe.cz\/eshop\/wp-content\/uploads\/2023\/04\/zasil_1.jpg\" alt=\"bal\u00ed\u010dky pro Z\u00e1silkovnu\" width=\"1168\" height=\"778\" \/><br \/><\/div><\/div><\/div><p>Standardn\u011b odes\u00edl\u00e1me objedn\u00e1vku, <strong>jakmile m\u00e1me v\u0161echny jej\u00ed polo\u017eky na sklad\u011b<\/strong>. Pokud chcete \u010d\u00e1st objedn\u00e1vky poslat d\u0159\u00edve, napi\u0161te n\u00e1m pros\u00edm na e-mail <strong>info@svitimprotebe.cz<\/strong>. V&nbsp;p\u0159\u00edpad\u011b odes\u00edl\u00e1n\u00ed jedn\u00e9 objedn\u00e1vky na dv\u011b \u010d\u00e1sti\u00a0<strong>hrad\u00edme v\u017edy druh\u00e9 po\u0161tovn\u00e9 pro objedn\u00e1vky nad 1800&nbsp;K\u010d<\/strong>.<\/p><p><strong style=\"color: #2b3838; font-size: 24px;\">Mysl\u00edme i na ekologii<\/strong><\/p><p><strong>Zbo\u017e\u00ed se sna\u017e\u00edme balit do ji\u017e pou\u017eit\u00fdch karton\u016f<\/strong>, p\u0159i\u010dem\u017e vyu\u017e\u00edv\u00e1me i pap\u00edrov\u00e9 lep\u00edc\u00ed p\u00e1sky a kompostovatelnou v\u00fdpl\u0148 krabic. Na\u0161\u00edm c\u00edlem je, aby byly obaly jednodu\u0161e recyklovateln\u00e9 a kompostovateln\u00e9. Na druhou stranu neovlivn\u00edme, jak\u00e9 obalov\u00e9 materi\u00e1ly pou\u017e\u00edvaj\u00ed v\u00fdrobci, jejich\u017e produkty odeb\u00edr\u00e1me. <strong>Obalov\u00e9 materi\u00e1ly, ve kter\u00fdch n\u00e1m p\u0159ich\u00e1z\u00ed zbo\u017e\u00ed od v\u00fdrobc\u016f nevyhazujeme, ale sna\u017e\u00edme se je d\u00e1le pou\u017e\u00edt.\u00a0<\/strong><\/p>\t\t\t\t\t\t\t\t<\/div>\n\t\t\t\t<\/div>\n\t\t\t\t\t<\/div>\n\t\t\t\t<\/div>\n\t\t\t\t<\/div>\n\t\t","protected":false},"excerpt":{"rendered":"<p>Cena dopravy Zp\u016fsob dopravy v&nbsp;\u010cesku Cena* Z\u00e1silkovna 65&nbsp;K\u010d \u010cesk\u00e1 po\u0161ta &#8211; bal\u00edk do ruky 91&nbsp;K\u010d \u010cesk\u00e1 po\u0161ta &#8211; Bal\u00edkovna 60&nbsp;K\u010d GLS &#8211; v\u00fddejn\u00ed m\u00edsto 70&nbsp;K\u010d GLS &#8211; na adresu 80&nbsp;K\u010d TOPTRANS Standard (nadrozm\u011brn\u00e9 zbo\u017e\u00ed) 260&nbsp;K\u010d \u010cesk\u00e1 po\u0161ta &#8211; bal\u00edk do ruky (nadrozm\u011brn\u00e9 zbo\u017e\u00ed) 339&nbsp;K\u010d Osobn\u00ed odb\u011br** ZDARMA Dob\u00edrka (pouze v&nbsp;\u010cR) 50&nbsp;K\u010d Zp\u016fsob dopravy na Slovensko [&hellip;]<\/p>\n","protected":false},"author":2,"featured_media":0,"parent":0,"menu_order":0,"comment_status":"closed","ping_status":"closed","template":"","meta":{"_acf_changed":false,"footnotes":""},"class_list":["post-7640","page","type-page","status-publish","hentry"],"acf":[],"_links":{"self":[{"href":"https:\/\/svitimprotebe.cz\/eshop\/wp-json\/wp\/v2\/pages\/7640","targetHints":{"allow":["GET"]}}],"collection":[{"href":"https:\/\/svitimprotebe.cz\/eshop\/wp-json\/wp\/v2\/pages"}],"about":[{"href":"https:\/\/svitimprotebe.cz\/eshop\/wp-json\/wp\/v2\/types\/page"}],"author":[{"embeddable":true,"href":"https:\/\/svitimprotebe.cz\/eshop\/wp-json\/wp\/v2\/users\/2"}],"replies":[{"embeddable":true,"href":"https:\/\/svitimprotebe.cz\/eshop\/wp-json\/wp\/v2\/comments?post=7640"}],"version-history":[{"count":0,"href":"https:\/\/svitimprotebe.cz\/eshop\/wp-json\/wp\/v2\/pages\/7640\/revisions"}],"wp:attachment":[{"href":"https:\/\/svitimprotebe.cz\/eshop\/wp-json\/wp\/v2\/media?parent=7640"}],"curies":[{"name":"wp","href":"https:\/\/api.w.org\/{rel}","templated":true}]}}