{"id":10389,"date":"2022-04-10T22:25:06","date_gmt":"2022-04-10T20:25:06","guid":{"rendered":"https:\/\/svitimprotebe.cz\/eshop\/?post_type=product&#038;p=10389"},"modified":"2026-04-02T06:52:54","modified_gmt":"2026-04-02T04:52:54","slug":"bezdratovy-modul-casambi-4ch","status":"publish","type":"product","link":"https:\/\/svitimprotebe.cz\/eshop\/bezdratovy-modul-casambi-4ch\/","title":{"rendered":"Bezdr\u00e1tov\u00fd modul CASAMBI 4CH"},"content":{"rendered":"<h3>Vlastnosti<\/h3>\n<ul>\n<li>Bezdr\u00e1tov\u00e9 ovl\u00e1d\u00e1n\u00ed a\u017e 4 LED p\u00e1sk\u016f<\/li>\n<li>Nastaven\u00ed pomoc\u00ed mobiln\u00ed aplikace\u00a0<a href=\"https:\/\/www.tridonic.com\/com\/en\/products\/app-4remote-bt.asp\" target=\"_blank\" rel=\"noopener\">4remote BT<\/a>.<\/li>\n<li>Automaticky vytv\u00e1\u0159\u00ed bezdr\u00e1tovou komunika\u010dn\u00ed s\u00ed\u0165 mezi dal\u0161\u00edmi prvky Casambi<\/li>\n<li>Mal\u00e9 rozm\u011bry pro snadnou instalaci<\/li>\n<li>Ovl\u00e1d\u00e1n\u00ed jasu a teploty b\u00edl\u00e9 barvy<\/li>\n<li>Z\u00e1ruka 5 let<\/li>\n<\/ul>\n<h3>Zapojen\u00ed<\/h3>\n<ul>\n<li>Modul nesm\u00ed b\u00fdt p\u0159ipojen k&nbsp;elektrick\u00e9 s\u00edti 230V.<\/li>\n<li>Nap\u00e1jen\u00ed se p\u0159ipojuje se ke zdroji <a href=\"https:\/\/svitimprotebe.cz\/eshop\/zdrave-osvetleni\/napajeci-zdroje\/on-off\/\" target=\"_blank\" rel=\"noopener\">konstatn\u00edho nap\u011bt\u00ed<\/a>.<\/li>\n<li>Na v\u00fdstup lze p\u0159ipojit:\n<ul>\n<li>4 LED p\u00e1sky s&nbsp;ovl\u00e1d\u00e1n\u00edm jasu<\/li>\n<li>2 LED p\u00e1sky s&nbsp;ovl\u00e1d\u00e1n\u00edm jasu a teploty b\u00edl\u00e9 barvy<\/li>\n<\/ul>\n<\/li>\n<\/ul>\n<h4><img fetchpriority=\"high\" decoding=\"async\" class=\"wp-image-10420 aligncenter\" src=\"https:\/\/svitimprotebe.cz\/eshop\/wp-content\/uploads\/2022\/04\/y.jpg\" alt=\"\" width=\"630\" height=\"237\" srcset=\"https:\/\/svitimprotebe.cz\/eshop\/wp-content\/uploads\/2022\/04\/y.jpg 1844w, https:\/\/svitimprotebe.cz\/eshop\/wp-content\/uploads\/2022\/04\/y-300x113.jpg 300w, https:\/\/svitimprotebe.cz\/eshop\/wp-content\/uploads\/2022\/04\/y-768x289.jpg 768w, https:\/\/svitimprotebe.cz\/eshop\/wp-content\/uploads\/2022\/04\/y-1024x386.jpg 1024w, https:\/\/svitimprotebe.cz\/eshop\/wp-content\/uploads\/2022\/04\/y-740x279.jpg 740w, https:\/\/svitimprotebe.cz\/eshop\/wp-content\/uploads\/2022\/04\/y-1536x579.jpg 1536w, https:\/\/svitimprotebe.cz\/eshop\/wp-content\/uploads\/2022\/04\/y-1080x407.jpg 1080w, https:\/\/svitimprotebe.cz\/eshop\/wp-content\/uploads\/2022\/04\/y-1280x482.jpg 1280w, https:\/\/svitimprotebe.cz\/eshop\/wp-content\/uploads\/2022\/04\/y-980x369.jpg 980w, https:\/\/svitimprotebe.cz\/eshop\/wp-content\/uploads\/2022\/04\/y-480x181.jpg 480w, https:\/\/svitimprotebe.cz\/eshop\/wp-content\/uploads\/2022\/04\/y-600x226.jpg 600w\" sizes=\"(max-width: 630px) 100vw, 630px\" \/><\/h4>\n<h3>P\u0159\u00edprava kabel\u016f<\/h3>\n<p><img decoding=\"async\" class=\"wp-image-10419 size-medium aligncenter\" src=\"https:\/\/svitimprotebe.cz\/eshop\/wp-content\/uploads\/2022\/04\/x-300x150.jpg\" alt=\"\" width=\"300\" height=\"150\" srcset=\"https:\/\/svitimprotebe.cz\/eshop\/wp-content\/uploads\/2022\/04\/x-300x150.jpg 300w, https:\/\/svitimprotebe.cz\/eshop\/wp-content\/uploads\/2022\/04\/x.jpg 305w\" sizes=\"(max-width: 300px) 100vw, 300px\" \/><\/p>\n<p>P\u0159ipojen\u00ed modulu m\u016f\u017ee b\u00fdt form\u011b spl\u00e9tan\u00fdch vodi\u010d\u016f se zakripovan\u00fdmi koncovkami (dutinkami) nebo formou pevn\u00fdch vodi\u010d\u016f. Pr\u016f\u0159ezy je vhodn\u00e9 volit:<\/p>\n<ul>\n<li>0,75 \u2013 1,5mm\u00b2 pro p\u0159ipojen\u00ed nap\u00e1jec\u00edho zdroje,<\/li>\n<li>0,75 \u2013 1,5mm\u00b2 pro p\u0159ipojen\u00ed LED p\u00e1sk\u016f.<\/li>\n<\/ul>\n<p>Optim\u00e1ln\u00ed d\u00e9lka odizolovan\u00e9ho konce vodi\u010de je 6 \u2013 7mm. Utahovac\u00ed moment \u0161roub\u016f na svork\u00e1ch je 0,4Nm.<\/p>\n<h3>Um\u00edst\u011bn\u00ed<\/h3>\n<p>Uvnit\u0159 modulu je zabudovan\u00e1 ant\u00e9na. Vyhn\u011bte se mont\u00e1\u017ei za\u0159\u00edzen\u00ed za betonov\u00e9 povrchy nebo do kovov\u00fdch kryt\u016f. Tyto materi\u00e1ly sni\u017euj\u00ed dosah sign\u00e1lu. Instalace bl\u00edzko kovov\u00fdch konstrukc\u00ed tak\u00e9 nen\u00ed vhodn\u00e1.<\/p>\n","protected":false},"excerpt":{"rendered":"<h4>basicDIM Wireless PWM CV 4CH<\/h4>\n<p><strong>Bezdr\u00e1tov\u00fd modul<\/strong> \u00a0Casambi pro ovl\u00e1d\u00e1n\u00ed jasu a\u017e <strong>4 LED p\u00e1sk\u016f<\/strong>. Jednoduch\u00e9 bnstaven\u00ed pomoc\u00ed <strong>mobiln\u00ed aplikace<\/strong>.<\/p>\n<p>&nbsp;<\/p>\n","protected":false},"featured_media":111420,"template":"","meta":{"_acf_changed":false},"product_brand":[],"product_cat":[957,958],"product_tag":[52],"class_list":{"0":"post-10389","1":"product","2":"type-product","3":"status-publish","4":"has-post-thumbnail","6":"product_cat-ovladani-a-rizeni-osvetleni","7":"product_cat-rizeni-casambi","8":"product_tag-tridonic","9":"product_shipping_class-zakladni","10":"pa_delka-963","11":"pa_meni-barvy-tw-varianta-ano","12":"pa_moznosti-ovladani-casambi","13":"pa_napajeni-24v-dc","14":"pa_napajeni-12v-dc","15":"pa_sirka-prumer-965","16":"pa_stmivatelne-ano","17":"pa_stupen-kryti-ip-ip20","18":"pa_typ-produktu-ovladani-a-rizeni-osvetleni","19":"pa_vykon-141-150-w","20":"pa_vyska-962","22":"first","23":"instock","24":"taxable","25":"shipping-taxable","26":"purchasable","27":"product-type-simple"},"acf":[],"_links":{"self":[{"href":"https:\/\/svitimprotebe.cz\/eshop\/wp-json\/wp\/v2\/product\/10389","targetHints":{"allow":["GET"]}}],"collection":[{"href":"https:\/\/svitimprotebe.cz\/eshop\/wp-json\/wp\/v2\/product"}],"about":[{"href":"https:\/\/svitimprotebe.cz\/eshop\/wp-json\/wp\/v2\/types\/product"}],"version-history":[{"count":0,"href":"https:\/\/svitimprotebe.cz\/eshop\/wp-json\/wp\/v2\/product\/10389\/revisions"}],"wp:featuredmedia":[{"embeddable":true,"href":"https:\/\/svitimprotebe.cz\/eshop\/wp-json\/wp\/v2\/media\/111420"}],"wp:attachment":[{"href":"https:\/\/svitimprotebe.cz\/eshop\/wp-json\/wp\/v2\/media?parent=10389"}],"wp:term":[{"taxonomy":"product_brand","embeddable":true,"href":"https:\/\/svitimprotebe.cz\/eshop\/wp-json\/wp\/v2\/product_brand?post=10389"},{"taxonomy":"product_cat","embeddable":true,"href":"https:\/\/svitimprotebe.cz\/eshop\/wp-json\/wp\/v2\/product_cat?post=10389"},{"taxonomy":"product_tag","embeddable":true,"href":"https:\/\/svitimprotebe.cz\/eshop\/wp-json\/wp\/v2\/product_tag?post=10389"}],"curies":[{"name":"wp","href":"https:\/\/api.w.org\/{rel}","templated":true}]}}