{"id":125574,"date":"2021-08-22T09:48:19","date_gmt":"2021-08-22T07:48:19","guid":{"rendered":"https:\/\/svitimprotebe.cz\/eshop\/?post_type=product&#038;p=125574"},"modified":"2026-03-17T07:43:24","modified_gmt":"2026-03-17T06:43:24","slug":"textilni-trizilovy-kabel-3x075mm2-cerny","status":"publish","type":"product","link":"https:\/\/svitimprotebe.cz\/eshop\/textilni-trizilovy-kabel-3x075mm2-cerny\/","title":{"rendered":"Textiln\u00ed t\u0159\u00ed\u017eilov\u00fd kabel 3&#215;0,75mm2 \u010dern\u00fd"},"content":{"rendered":"<p>V odv\u011bt\u00ed osv\u011btlov\u00e1n\u00ed se pou\u017e\u00edv\u00e1 nej\u010dast\u011bji k&nbsp;p\u0159ipojov\u00e1n\u00ed a propojov\u00e1n\u00ed <a href=\"https:\/\/svitimprotebe.cz\/eshop\/kategorie-produktu\/zdrave-osvetleni\/led-pasky-24v\/?_sft_product_cat=led-pasky-24v&amp;_sfm_parametry_tuneable=ANO&amp;_sfm__price=0+2000&amp;_sfm_parametry_p12=0+50&amp;_sfm_parametry_p13=0+1490&amp;_sfm_parametry_p14=0+15&amp;_sfm_parametry_hmotnost=0+5\" target=\"_blank\" rel=\"noopener\">TW LED p\u00e1sk\u016f<\/a>. Nap\u0159\u00edklad k&nbsp;propojen\u00ed <a href=\"https:\/\/svitimprotebe.cz\/eshop\/kategorie-produktu\/zdrave-osvetleni\/led-pasky-24v\/\" target=\"_blank\" rel=\"noopener\">LED p\u00e1sku<\/a> a <a href=\"https:\/\/svitimprotebe.cz\/eshop\/kategorie-produktu\/zdrave-osvetleni\/napajeci-zdroje\/\" target=\"_blank\" rel=\"noopener\">nap\u00e1jec\u00edho zdroje<\/a>. P\u0159i zapojen\u00ed volte maxim\u00e1ln\u00ed d\u00e9lku a vhodn\u00fd pr\u016f\u0159ez vodi\u010de v\u017edy s&nbsp;ohledem na p\u0159\u00edpustn\u00fd \u00fabytek nap\u011bt\u00ed, kter\u00fd na vodi\u010di vznik\u00e1 pr\u016fchodem proudu.<\/p>\n<p>Textiln\u00ed kabel lze objednat i <a href=\"https:\/\/svitimprotebe.cz\/eshop\/wp-content\/uploads\/2024\/08\/22294_cs.pdf\" target=\"_blank\" rel=\"noopener\">v jin\u00fdch barv\u00e1ch<\/a>.<\/p>\n","protected":false},"excerpt":{"rendered":"<p>Kabel je pokryt \u010dern\u00fdm <strong>textiln\u00edm pl\u00e1\u0161\u0165em<\/strong> o pr\u016fm\u011bru 6,6 mm. Pr\u00e1v\u011b d\u00edky textiln\u00edmu pl\u00e1\u0161ti je mo\u017en\u00e9 pou\u017e\u00edt kabel v&nbsp;interi\u00e9rech na m\u00edstech, <strong>kde je kabel p\u0159iznan\u00fd a jde vid\u011bt<\/strong>. Uveden\u00e1 cena je za jeden b\u011b\u017en\u00fd metr.<\/p>\n","protected":false},"featured_media":125577,"template":"","meta":{"_acf_changed":false},"product_brand":[],"product_cat":[230,1721],"product_tag":[544],"class_list":{"0":"post-125574","1":"product","2":"type-product","3":"status-publish","4":"has-post-thumbnail","6":"product_cat-kabely","7":"product_cat-kabely-v-metrazi","8":"product_tag-red","9":"product_shipping_class-zakladni","10":"pa_material-kov","11":"pa_material-textil","12":"pa_typ-produktu-kabel","14":"first","15":"instock","16":"taxable","17":"shipping-taxable","18":"purchasable","19":"product-type-simple"},"acf":[],"_links":{"self":[{"href":"https:\/\/svitimprotebe.cz\/eshop\/wp-json\/wp\/v2\/product\/125574","targetHints":{"allow":["GET"]}}],"collection":[{"href":"https:\/\/svitimprotebe.cz\/eshop\/wp-json\/wp\/v2\/product"}],"about":[{"href":"https:\/\/svitimprotebe.cz\/eshop\/wp-json\/wp\/v2\/types\/product"}],"version-history":[{"count":0,"href":"https:\/\/svitimprotebe.cz\/eshop\/wp-json\/wp\/v2\/product\/125574\/revisions"}],"wp:featuredmedia":[{"embeddable":true,"href":"https:\/\/svitimprotebe.cz\/eshop\/wp-json\/wp\/v2\/media\/125577"}],"wp:attachment":[{"href":"https:\/\/svitimprotebe.cz\/eshop\/wp-json\/wp\/v2\/media?parent=125574"}],"wp:term":[{"taxonomy":"product_brand","embeddable":true,"href":"https:\/\/svitimprotebe.cz\/eshop\/wp-json\/wp\/v2\/product_brand?post=125574"},{"taxonomy":"product_cat","embeddable":true,"href":"https:\/\/svitimprotebe.cz\/eshop\/wp-json\/wp\/v2\/product_cat?post=125574"},{"taxonomy":"product_tag","embeddable":true,"href":"https:\/\/svitimprotebe.cz\/eshop\/wp-json\/wp\/v2\/product_tag?post=125574"}],"curies":[{"name":"wp","href":"https:\/\/api.w.org\/{rel}","templated":true}]}}