{"id":1948,"date":"2024-07-28T15:01:02","date_gmt":"2024-07-28T13:01:02","guid":{"rendered":"https:\/\/svitimprotebe.cz\/eshop\/?post_type=product&#038;p=1948"},"modified":"2026-02-28T14:24:18","modified_gmt":"2026-02-28T13:24:18","slug":"svitidlo-orbis-plate-sunathome","status":"publish","type":"product","link":"https:\/\/svitimprotebe.cz\/eshop\/svitidlo-orbis-plate-sunathome\/","title":{"rendered":"Chytr\u00e9 sv\u00edtidlo ORBIS PLATE SUN@Home Ra98"},"content":{"rendered":"<h3>Zm\u011bna teploty barvy v\u00a0pr\u016fb\u011bhu dne<\/h3>\n<p><a href=\"https:\/\/svitimprotebe.cz\/eshop\/plnospektralni-zdrave-osvetleni\/rada-sun_at_home\/\">Sv\u00edtidla <strong>SUN@Home<\/strong><\/a> jsou vyrobeny tak, aby co nejp\u0159esn\u011bji <strong>napodobily p\u0159irozen\u00e9 denn\u00ed sv\u011btlo<\/strong>. V&nbsp;ka\u017ed\u00e9 f\u00e1zi dne maj\u00ed odli\u0161nou teplotu barvy a intenzitu. Roli zde hraje tak\u00e9 mno\u017estv\u00ed modr\u00e9 slo\u017eky v&nbsp;LED diod\u00e1ch, kter\u00e1 se sni\u017euje spole\u010dn\u011b s&nbsp;<a href=\"https:\/\/www.svitimprotebe.cz\/teplota-chromaticnosti\/\" target=\"_blank\" rel=\"noopener\">teplotou barvy<\/a>. Doc\u00edl\u00edme t\u00edm <strong>relaxa\u010dn\u00edch \u00fa\u010dink\u016f zlep\u0161uj\u00edc\u00edch kvalitu sp\u00e1nku a rychlost us\u00edn\u00e1n\u00ed<\/strong>. Naproti tomu vysok\u00fdm pod\u00edlem podpo\u0159\u00edme <strong>bd\u011blost a aktivn\u00ed \u010dinnost mozku<\/strong>. Tyto rozd\u00edly jsou velmi podstatn\u00e9, proto\u017ee na\u0161e t\u011blo pot\u0159ebuje jinou funkci sv\u00edtidla v&nbsp;jin\u00e9 \u010d\u00e1sti dne. \u0158ada <strong>SUN@Home<\/strong> tuto pot\u0159ebu respektuje a p\u0159izp\u016fsobuje se va\u0161emu <a href=\"https:\/\/www.svitimprotebe.cz\/vzdelavani\/teoreticke-znalosti\/svetlo-a-jeho-vliv-na-cloveka\/naucna-serie-o-vlivu-svetla-na-cloveka\/vyznam-rytmu\/\" target=\"_blank\" rel=\"noopener\">cirkadi\u00e1nn\u00edmu rytmu<\/a>.<\/p>\n<div class=\"gdc_row\"><div class=\"gdc_column gdc_cquarter\"><div class=\"gdc_inner\"><br \/>\n<strong>Probuzen\u00ed <\/strong>&#8211; <strong>Ide\u00e1ln\u00edm startem do nov\u00e9ho dne je <a href=\"https:\/\/svitimprotebe.cz\/aplikace-ledvance-smart-wifi-nastaveni-rezimu-probouzeni-svetlem\/\" target=\"_blank\" rel=\"noopener\">probouzet se postupn\u011b<\/a><\/strong>, stejn\u011b jako se r\u00e1no postupn\u011b zvy\u0161uje teplota barvy a intenzita tohoto sv\u00edtidla. B\u011bhem 30 min se lehk\u00fdm stup\u0148ov\u00e1n\u00edm dostane z&nbsp;teploty barvy 2200K na 5000K.<br \/>\n<\/div><\/div><div class=\"gdc_column gdc_cquarter\"><div class=\"gdc_inner\"><br \/>\n<strong>Aktivita\u00a0<\/strong>&#8211; Sv\u011btlo je nastaveno tak, aby b\u011bhem dne svou b\u00edlou barvou (5000K) i vysokou intenzitou podporovalo v&nbsp;aktivn\u00edch \u010dinnostech. <strong>Nabud\u00ed v\u00e1s pro pr\u00e1ci, sport nebo t\u0159eba studium<\/strong>.<br \/>\n<\/div><\/div><div class=\"gdc_column gdc_cquarter\"><div class=\"gdc_inner\"><br \/>\n<strong>Us\u00edn\u00e1n\u00ed <\/strong>&#8211; Jakmile se den ch\u00fdl\u00ed ke konci, dv\u011b hodiny p\u0159ed b\u011b\u017enou dobou us\u00edn\u00e1n\u00ed, teplota barvy se op\u011bt sn\u00ed\u017e\u00ed (na 2200K) a <strong>osv\u011btlen\u00ed p\u0159iprav\u00ed va\u0161e t\u011blo na sp\u00e1nek<\/strong>. Tak\u00e9 intenzita plynule p\u0159ejde na nejni\u017e\u0161\u00ed mo\u017enou \u00farove\u0148.<br \/>\n<\/div><\/div><div class=\"gdc_column gdc_cquarter\"><div class=\"gdc_inner\"><br \/>\n<strong>Sp\u00e1nek <\/strong>&#8211; Sv\u00edtidlo m\u00e1me po celou noc vypnut\u00e9. Abychom dos\u00e1hli<strong> kvalitn\u011bj\u0161\u00edho sp\u00e1nku, pot\u0159ebujeme sp\u00e1t v&nbsp;zatemn\u011bn\u00e9 m\u00edstnosti bez p\u0159\u00edstupu sv\u011btla<\/strong>. Sv\u011btlo se proto za\u010dne zap\u00ednat a\u017e ve chv\u00edli, kdy nastane v\u00e1\u0161 \u010das na probuzen\u00ed.<br \/>\n<\/div><\/div><\/div>\n<p><img fetchpriority=\"high\" decoding=\"async\" class=\"alignnone size-full wp-image-13028\" src=\"https:\/\/www.svitimprotebe.cz\/wp-content\/uploads\/2022\/01\/Denni-rezim-obrazek-2.png\" alt=\"\" width=\"1920\" height=\"484\" \/><\/p>\n<h3>Designov\u00e9 i funk\u010dn\u00ed vyu\u017eit\u00ed<\/h3>\n<p>Koup\u00ed sv\u00edtidla ORBIS PLATE zabijete dv\u011b mouchy jednou ranou! O pozitivn\u00edch \u00fa\u010dinc\u00edch tohoto sv\u00edtidla jste se ji\u017e dozv\u011bd\u011bli, nicm\u00e9n\u011b sv\u00e9 vyu\u017eit\u00ed najde i jako <strong>stylov\u00fd designov\u00fd dopln\u011bk dom\u00e1cnosti<\/strong>.<\/p>\n<p>Doporu\u010dujeme jej <strong>um\u00edstit do d\u011btsk\u00e9ho pokoje<\/strong>, ide\u00e1ln\u011b na st\u011bnu nad d\u011btskou post\u00fdlku nebo p\u0159ebalovac\u00ed pult. ORBIS PLATE nejenom m\u011bn\u00ed teplotu barvy a intenzitu osv\u011btlen\u00ed t\u00e9m\u011b\u0159 identicky jako slunce, ale d\u00edky sv\u00e9mu tvaru podobn\u011b i vypad\u00e1. Va\u0161e ratolest i vy pak budete m\u00edt dal\u0161\u00ed d\u016fvod k&nbsp;dobr\u00e9 n\u00e1lad\u011b. Dop\u0159ejte tak sv\u00e9mu d\u00edt\u011bti <a href=\"https:\/\/www.svitimprotebe.cz\/benefity-zdraveho-osvetleni\/\" target=\"_blank\" rel=\"noopener\">zdrav\u00e9 osv\u011btlen\u00ed<\/a>, jen\u017e bude m\u00edt <strong>pozitivn\u00ed vliv na jeho fyzickou i ment\u00e1ln\u00ed pohodu<\/strong>.<\/p>\n<p>Av\u0161ak svoje m\u00edsto si najde v&nbsp;prakticky <strong>ka\u017ed\u00e9 m\u00edstnosti, kde tr\u00e1v\u00edme hodn\u011b \u010dasu v&nbsp;pr\u016fb\u011bhu dne<\/strong>. Rozhodn\u011b tedy nic nezkaz\u00edte, pokud sv\u00edtidlo ORBIT PLATE um\u00edst\u00edte do kuchyn\u011b, ob\u00fdvac\u00edho pokoje nebo kancel\u00e1\u0159e.<\/p>\n<p>Pot\u0159ebujete pomoct s&nbsp;nasv\u00edcen\u00edm va\u0161eho domova? Vyu\u017eijte na\u0161eho<a href=\"https:\/\/www.svitimprotebe.cz\/navrhy-vypocty-a-vizualizace-osvetleni\/\" target=\"_blank\" rel=\"noopener\"> \u0159e\u0161en\u00ed &#8220;NA KL\u00cd\u010c&#8221;<\/a>, kter\u00e9 zahrnuje n\u00e1vrh, vizualizaci, dod\u00e1n\u00ed a mont\u00e1\u017e sv\u00edtidel a my v\u00e1m tak ve va\u0161\u00ed dom\u00e1cnosti vytvo\u0159\u00edme inteligentn\u00ed osv\u011btlen\u00ed.<\/p>\n<div class=\"gdc_row\"><div class=\"gdc_column gdc_chalf\"><div class=\"gdc_inner\"><br \/>\n<img decoding=\"async\" class=\"aligncenter wp-image-9217\" src=\"https:\/\/svitimprotebe.cz\/eshop\/wp-content\/uploads\/2022\/03\/2-scaled.jpg\" alt=\"\" width=\"550\" height=\"367\" srcset=\"https:\/\/svitimprotebe.cz\/eshop\/wp-content\/uploads\/2022\/03\/2-scaled.jpg 2560w, https:\/\/svitimprotebe.cz\/eshop\/wp-content\/uploads\/2022\/03\/2-300x200.jpg 300w, https:\/\/svitimprotebe.cz\/eshop\/wp-content\/uploads\/2022\/03\/2-768x512.jpg 768w, https:\/\/svitimprotebe.cz\/eshop\/wp-content\/uploads\/2022\/03\/2-1024x683.jpg 1024w, https:\/\/svitimprotebe.cz\/eshop\/wp-content\/uploads\/2022\/03\/2-scaled-740x493.jpg 740w, https:\/\/svitimprotebe.cz\/eshop\/wp-content\/uploads\/2022\/03\/2-1536x1024.jpg 1536w, https:\/\/svitimprotebe.cz\/eshop\/wp-content\/uploads\/2022\/03\/2-2048x1365.jpg 2048w, https:\/\/svitimprotebe.cz\/eshop\/wp-content\/uploads\/2022\/03\/2-1080x720.jpg 1080w, https:\/\/svitimprotebe.cz\/eshop\/wp-content\/uploads\/2022\/03\/2-1280x853.jpg 1280w, https:\/\/svitimprotebe.cz\/eshop\/wp-content\/uploads\/2022\/03\/2-980x653.jpg 980w, https:\/\/svitimprotebe.cz\/eshop\/wp-content\/uploads\/2022\/03\/2-480x320.jpg 480w, https:\/\/svitimprotebe.cz\/eshop\/wp-content\/uploads\/2022\/03\/2-scaled-600x400.jpg 600w\" sizes=\"(max-width: 550px) 100vw, 550px\" \/><br \/>\n<\/div><\/div><div class=\"gdc_column gdc_chalf\"><div class=\"gdc_inner\"><br \/>\n<img decoding=\"async\" class=\"aligncenter wp-image-9219\" src=\"https:\/\/svitimprotebe.cz\/eshop\/wp-content\/uploads\/2022\/03\/4-scaled.jpg\" alt=\"\" width=\"550\" height=\"367\" srcset=\"https:\/\/svitimprotebe.cz\/eshop\/wp-content\/uploads\/2022\/03\/4-scaled.jpg 2560w, https:\/\/svitimprotebe.cz\/eshop\/wp-content\/uploads\/2022\/03\/4-300x200.jpg 300w, https:\/\/svitimprotebe.cz\/eshop\/wp-content\/uploads\/2022\/03\/4-768x512.jpg 768w, https:\/\/svitimprotebe.cz\/eshop\/wp-content\/uploads\/2022\/03\/4-1024x683.jpg 1024w, https:\/\/svitimprotebe.cz\/eshop\/wp-content\/uploads\/2022\/03\/4-scaled-740x493.jpg 740w, https:\/\/svitimprotebe.cz\/eshop\/wp-content\/uploads\/2022\/03\/4-1536x1024.jpg 1536w, https:\/\/svitimprotebe.cz\/eshop\/wp-content\/uploads\/2022\/03\/4-2048x1365.jpg 2048w, https:\/\/svitimprotebe.cz\/eshop\/wp-content\/uploads\/2022\/03\/4-1080x720.jpg 1080w, https:\/\/svitimprotebe.cz\/eshop\/wp-content\/uploads\/2022\/03\/4-1280x854.jpg 1280w, https:\/\/svitimprotebe.cz\/eshop\/wp-content\/uploads\/2022\/03\/4-980x653.jpg 980w, https:\/\/svitimprotebe.cz\/eshop\/wp-content\/uploads\/2022\/03\/4-480x320.jpg 480w, https:\/\/svitimprotebe.cz\/eshop\/wp-content\/uploads\/2022\/03\/4-scaled-600x400.jpg 600w\" sizes=\"(max-width: 550px) 100vw, 550px\" \/><br \/>\n<\/div><\/div><\/div>\n<p>Neosl\u0148uj\u00edc\u00ed sv\u00edtidlo<\/p>\n<p>V\u00fdhodou osv\u011btlen\u00ed ORBIS PLATE oproti ostatn\u00edm sv\u00edtidl\u016fm \u0159ady SUN@HOME je jeho <strong>velk\u00fd pr\u016fm\u011br 43 cm<\/strong>. Mno\u017estv\u00ed vyza\u0159ovan\u00e9ho sv\u011btla se tak rozplyne na v\u011bt\u0161\u00ed plo\u0161e, d\u00edky \u010demu\u017e v\u00e1s <strong>nebude osl\u0148ovat<\/strong> a bude mnohem p\u0159\u00edjemn\u011bj\u0161\u00ed pro zrak.<\/p>\n<h3>Snadn\u00e1 mont\u00e1\u017e<\/h3>\n<div class=\"obtekani\">Na spodn\u00ed stran\u011b sv\u00edtidla jsou t\u0159i otvory pro <strong>mont\u00e1\u017e na jak\u00fdkoliv povrch, ide\u00e1ln\u011b na ze\u010f nebo strop<\/strong>. K&nbsp;namontov\u00e1n\u00ed sv\u00edtidla ORBIS PLATE budete pot\u0159ebovat vrta\u010dku. V&nbsp;kolonce &#8220;Ke sta\u017een\u00ed&#8221;, kter\u00e1 se nach\u00e1z\u00ed na za\u010d\u00e1tku str\u00e1nky pod galeri\u00ed produktu, najdete <strong>Mont\u00e1\u017en\u00ed instrukce<\/strong>, kde je detailn\u011b v\u010detn\u011b obr\u00e1zk\u016f pops\u00e1na mont\u00e1\u017e tohoto sv\u00edtidla.<\/div>\n<p><a href=\"https:\/\/svitimprotebe.cz\/eshop\/wp-content\/webp-express\/webp-images\/uploads\/2021\/12\/orbis-a-diry.jpg.webp\" target=\"_blank\" rel=\"noopener\"><img loading=\"lazy\" decoding=\"async\" class=\"aligncenter wp-image-54981\" src=\"https:\/\/svitimprotebe.cz\/eshop\/wp-content\/uploads\/2021\/12\/orbis-a-diry.jpg\" alt=\"\" width=\"400\" height=\"397\" srcset=\"https:\/\/svitimprotebe.cz\/eshop\/wp-content\/uploads\/2021\/12\/orbis-a-diry.jpg 2493w, https:\/\/svitimprotebe.cz\/eshop\/wp-content\/uploads\/2021\/12\/orbis-a-diry-100x100.jpg 100w, https:\/\/svitimprotebe.cz\/eshop\/wp-content\/uploads\/2021\/12\/orbis-a-diry-740x735.jpg 740w, https:\/\/svitimprotebe.cz\/eshop\/wp-content\/uploads\/2021\/12\/orbis-a-diry-150x150.jpg 150w, https:\/\/svitimprotebe.cz\/eshop\/wp-content\/uploads\/2021\/12\/orbis-a-diry-300x298.jpg 300w, https:\/\/svitimprotebe.cz\/eshop\/wp-content\/uploads\/2021\/12\/orbis-a-diry-768x762.jpg 768w, https:\/\/svitimprotebe.cz\/eshop\/wp-content\/uploads\/2021\/12\/orbis-a-diry-1024x1017.jpg 1024w, https:\/\/svitimprotebe.cz\/eshop\/wp-content\/uploads\/2021\/12\/orbis-a-diry-1536x1525.jpg 1536w, https:\/\/svitimprotebe.cz\/eshop\/wp-content\/uploads\/2021\/12\/orbis-a-diry-2048x2033.jpg 2048w, https:\/\/svitimprotebe.cz\/eshop\/wp-content\/uploads\/2021\/12\/orbis-a-diry-1080x1072.jpg 1080w, https:\/\/svitimprotebe.cz\/eshop\/wp-content\/uploads\/2021\/12\/orbis-a-diry-1280x1271.jpg 1280w, https:\/\/svitimprotebe.cz\/eshop\/wp-content\/uploads\/2021\/12\/orbis-a-diry-980x973.jpg 980w, https:\/\/svitimprotebe.cz\/eshop\/wp-content\/uploads\/2021\/12\/orbis-a-diry-480x477.jpg 480w\" sizes=\"(max-width: 400px) 100vw, 400px\" \/><\/a><\/p>\n<h3>P\u0159ipojen\u00ed sv\u00edtidla k&nbsp;aplikaci LEDVANCE SMART + WiFi<\/h3>\n<p>K ovl\u00e1d\u00e1n\u00ed v&nbsp;aplikaci <strong>LEDVANCE SMART + WiFi<\/strong> sta\u010d\u00ed pouze chytr\u00fd telefon \u010di tablet. Takov\u00e9 \u0159\u00edzen\u00ed n\u00e1m p\u0159in\u00e1\u0161\u00ed dal\u0161\u00ed mo\u017enosti &#8211; nap\u0159\u00edklad <a href=\"https:\/\/svitimprotebe.cz\/aplikace-ledvance-smart-wifi-nastaveni-rezimu-probouzeni-svetlem\/\" target=\"_blank\" rel=\"noopener\">p\u0159irozen\u00e9 probouzen\u00ed s&nbsp;postupn\u00fdm rozsv\u011bcov\u00e1n\u00edm sv\u011btla<\/a> nebo <a href=\"https:\/\/svitimprotebe.cz\/aplikace-ledvance-smart-wifi-nastaveni-automatickeho-rezimu-osvetleni\/\" target=\"_blank\" rel=\"noopener\">nastaven\u00ed cirkadi\u00e1nn\u00edho re\u017eimu<\/a> sv\u011bteln\u00fdch vlastnost\u00ed (odli\u0161n\u00e1 teplota barvy a intenzita osv\u011btlen\u00ed) podle \u010das\u016f, kdy obvykle vst\u00e1v\u00e1te a chod\u00edte sp\u00e1t. Mrkn\u011bte se na n\u00e1\u0161 \u010dl\u00e1nek <a href=\"https:\/\/svitimprotebe.cz\/pouziti-aplikace-ledvance-smart-wifi-pro-radu-svitidel-sunhome\/\">Prvn\u00ed kroky p\u0159i nastaven\u00ed aplikace LEDVANCE SMART+ WiFi<\/a> v\u010detn\u011b vide\u00ed, kter\u00e9 v\u00e1m pomohou nastaven\u00ed aplikace hrav\u011b zvl\u00e1dnout. A pokud si s&nbsp;n\u011b\u010d\u00edm nebudete v\u011bd\u011bt rady, zap\u00e1trejte v&nbsp;<a href=\"https:\/\/svitimprotebe.cz\/faq-sun-at-home\/\">nej\u010dast\u011bj\u0161\u00edch dotazech k&nbsp;produkt\u016fm SUN@Home<\/a>, kde ur\u010dit\u011b najdete odpov\u011b\u010f na svou ot\u00e1zku \ud83d\ude09<\/p>\n<h3>\u0158ada SUN@Home<\/h3>\n<p>Hlavn\u00edm c\u00edlem LED sv\u00edtidel od <strong>LEDVANCE SUN@Home<\/strong> nen\u00ed \u00fa\u010dinnost ani cena, ale spr\u00e1vn\u00fd <a href=\"https:\/\/svitimprotebe.cz\/svetlo-zdravi-a-nalada\/\" target=\"_blank\" rel=\"noopener\">vliv sv\u011btla na lidsk\u00fd organismus<\/a>, kter\u00fd m\u00e1 \u0159adu <a href=\"https:\/\/www.svitimprotebe.cz\/benefity-zdraveho-osvetleni\/\" target=\"_blank\" rel=\"noopener\">benefit\u016f<\/a>. Tato \u0159ada si toti\u017e zakl\u00e1d\u00e1 na simulaci slune\u010dn\u00edho z\u00e1\u0159en\u00ed, jedin\u00e9ho p\u0159irozen\u00e9ho zdroje sv\u011btla pro t\u011blo. M\u00e1 tedy jednak stimula\u010dn\u00ed \u00fa\u010dinky pro vy\u0161\u0161\u00ed produktivitu pr\u00e1ce v&nbsp;kancel\u00e1\u0159\u00edch, ale i zklid\u0148uj\u00edc\u00ed pro ve\u010dern\u00ed relaxov\u00e1n\u00ed v&nbsp;lo\u017enic\u00edch a ob\u00fdvac\u00edch pokoj\u00edch. <a href=\"https:\/\/svitimprotebe.cz\/eshop\/plnospektralni-zdrave-osvetleni\/rada-sun_at_home\/\" target=\"_blank\" rel=\"noopener\">\u0158ada SUN@Home<\/a> nab\u00edz\u00ed \u0161irokou \u0161k\u00e1lu sv\u00edtidel, jako nap\u0159\u00edklad LED p\u00e1sek, LED \u017e\u00e1rovky, podhledov\u00e9 sv\u00edtidlo, stoln\u00ed lampu a dal\u0161\u00ed typy osv\u011btlen\u00ed.<\/p>\n<div class=\"gdc_row\"><div class=\"gdc_column gdc_cquarter\"><div class=\"gdc_inner\"><\/p>\n<p><img loading=\"lazy\" decoding=\"async\" class=\"alignnone size-full wp-image-108590 aligncenter\" src=\"https:\/\/svitimprotebe.cz\/eshop\/wp-content\/uploads\/2023\/06\/Vyhody-rady-sunathome-LEdvance-obr1.jpeg\" alt=\"\" width=\"150\" height=\"150\" srcset=\"https:\/\/svitimprotebe.cz\/eshop\/wp-content\/uploads\/2023\/06\/Vyhody-rady-sunathome-LEdvance-obr1.jpeg 150w, https:\/\/svitimprotebe.cz\/eshop\/wp-content\/uploads\/2023\/06\/Vyhody-rady-sunathome-LEdvance-obr1-100x100.jpeg 100w\" sizes=\"(max-width: 150px) 100vw, 150px\" \/><\/p>\n<p style=\"text-align: center;\"><strong>Podpora<\/strong><br \/>\n<strong>biologick\u00e9ho rytmu\u00a0<\/strong><\/p>\n<p style=\"text-align: center;\">Osv\u011btlen\u00ed umo\u017e\u0148uje nastaven\u00ed vlastn\u00edho re\u017eimu tak, aby byl v&nbsp;souladu s&nbsp;va\u0161\u00edm biorytmem.<\/p>\n<p><\/div><\/div><div class=\"gdc_column gdc_cquarter\"><div class=\"gdc_inner\"><\/p>\n<p><img loading=\"lazy\" decoding=\"async\" class=\"size-full wp-image-108591 aligncenter\" src=\"https:\/\/svitimprotebe.cz\/eshop\/wp-content\/uploads\/2023\/06\/Vyhody-rady-sunathome-LEdvance-obr2.jpeg\" alt=\"\" width=\"150\" height=\"150\" srcset=\"https:\/\/svitimprotebe.cz\/eshop\/wp-content\/uploads\/2023\/06\/Vyhody-rady-sunathome-LEdvance-obr2.jpeg 150w, https:\/\/svitimprotebe.cz\/eshop\/wp-content\/uploads\/2023\/06\/Vyhody-rady-sunathome-LEdvance-obr2-100x100.jpeg 100w\" sizes=\"(max-width: 150px) 100vw, 150px\" \/><\/p>\n<p style=\"text-align: center;\"><strong>Nejlep\u0161\u00ed kvalita sv\u011btla<\/strong><br \/>\n<strong>CRI&gt;95<\/strong><\/p>\n<p style=\"text-align: center;\">D\u00edky vysok\u00e9 hodnot\u011b <a href=\"https:\/\/www.svitimprotebe.cz\/color-rendering-index-cri\/\" target=\"_blank\" rel=\"noopener\">CRI<\/a> se osv\u011btlen\u00ed velmi podob\u00e1 denn\u00edmu sv\u011btlu.<\/p>\n<p><\/div><\/div><div class=\"gdc_column gdc_cquarter\"><div class=\"gdc_inner\"><\/p>\n<p><img loading=\"lazy\" decoding=\"async\" class=\"size-full wp-image-108592 aligncenter\" src=\"https:\/\/svitimprotebe.cz\/eshop\/wp-content\/uploads\/2023\/06\/Vyhody-rady-sunathome-LEdvance-obr3.jpeg\" alt=\"\" width=\"150\" height=\"150\" srcset=\"https:\/\/svitimprotebe.cz\/eshop\/wp-content\/uploads\/2023\/06\/Vyhody-rady-sunathome-LEdvance-obr3.jpeg 150w, https:\/\/svitimprotebe.cz\/eshop\/wp-content\/uploads\/2023\/06\/Vyhody-rady-sunathome-LEdvance-obr3-100x100.jpeg 100w\" sizes=\"(max-width: 150px) 100vw, 150px\" \/><\/p>\n<p style=\"text-align: center;\"><strong>Zm\u011bna teploty<\/strong><br \/>\n<strong>barvy sv\u011btla<\/strong><\/p>\n<p style=\"text-align: center;\">Teploty barvy se m\u011bn\u00ed automaticky, nebo si ji m\u016f\u017eete nastavit podle va\u0161ich <a href=\"https:\/\/www.svitimprotebe.cz\/vyznam-rytmu\/\" target=\"_blank\" rel=\"noopener\">cirkadi\u00e1nn\u00edch hodin<\/a>.<\/p>\n<p><\/div><\/div><div class=\"gdc_column gdc_cquarter\"><div class=\"gdc_inner\"><\/p>\n<p><img loading=\"lazy\" decoding=\"async\" class=\"size-full wp-image-108593 aligncenter\" src=\"https:\/\/svitimprotebe.cz\/eshop\/wp-content\/uploads\/2023\/06\/Vyhody-rady-sunathome-LEdvance-obr4.jpeg\" alt=\"\" width=\"150\" height=\"150\" srcset=\"https:\/\/svitimprotebe.cz\/eshop\/wp-content\/uploads\/2023\/06\/Vyhody-rady-sunathome-LEdvance-obr4.jpeg 150w, https:\/\/svitimprotebe.cz\/eshop\/wp-content\/uploads\/2023\/06\/Vyhody-rady-sunathome-LEdvance-obr4-100x100.jpeg 100w\" sizes=\"(max-width: 150px) 100vw, 150px\" \/><\/p>\n<p style=\"text-align: center;\"><strong>Schopnost<\/strong><br \/>\n<strong>stm\u00edv\u00e1n\u00ed<\/strong><\/p>\n<p style=\"text-align: center;\">Sami si m\u016f\u017eete nastavit, jak\u00e1 intenzita osv\u011btlen\u00ed (jas) v\u00e1m nejv\u00edce vyhovuje.<\/p>\n<p><\/div><\/div><\/div>\n<div style=\"background-color: #f2f2f2; border-radius: 10px; padding: 5px;\">\n<p><strong style=\"color: #333333; font-size: 18px;\">N\u00e1zory a rady odborn\u00edka:<\/strong><\/p>\n<div class=\"obtekani\">\n<p><img loading=\"lazy\" decoding=\"async\" class=\"alignnone wp-image-9397\" src=\"https:\/\/svitimprotebe.cz\/eshop\/wp-content\/uploads\/2022\/01\/filip.png\" alt=\"\" width=\"225\" height=\"266\" srcset=\"https:\/\/svitimprotebe.cz\/eshop\/wp-content\/uploads\/2022\/01\/filip.png 761w, https:\/\/svitimprotebe.cz\/eshop\/wp-content\/uploads\/2022\/01\/filip-253x300.png 253w, https:\/\/svitimprotebe.cz\/eshop\/wp-content\/uploads\/2022\/01\/filip-740x876.png 740w, https:\/\/svitimprotebe.cz\/eshop\/wp-content\/uploads\/2022\/01\/filip-480x568.png 480w, https:\/\/svitimprotebe.cz\/eshop\/wp-content\/uploads\/2022\/01\/filip-600x710.png 600w\" sizes=\"(max-width: 225px) 100vw, 225px\" \/><\/p>\n<ul>\n<li><b>V \u010dem \u0159ada SUN@Home vynik\u00e1?\u00a0<\/b>Sv\u00edtidla SUN@Home jsou na trhu novinkou a jejich nejv\u011bt\u0161\u00ed v\u00fdhodou je cenov\u00e1 dostupnost. <a href=\"https:\/\/svitimprotebe.cz\/eshop\/plnospektralni-zdrave-osvetleni\/plnospektralni-led-svitidla\/\" target=\"_blank\" rel=\"noopener\">Plnospektr\u00e1ln\u00ed osv\u011btlen\u00ed<\/a>\u00a0p\u0159edstavuje na trhu interi\u00e9rov\u00e9ho osv\u011btlen\u00ed to nejkvalitn\u011bj\u0161\u00ed, co si m\u016f\u017eete nyn\u00ed do dom\u00e1cnosti po\u0159\u00eddit. Av\u0161ak obvykl\u00e1 \u010d\u00e1stka za plnospektr\u00e1ln\u00ed sv\u00edtidlo \u010dasto p\u0159evy\u0161uje jej\u00ed hodnotu. \u0158ada SUN@Home je dle m\u00e9ho m\u00edn\u011bn\u00ed prvn\u00ed cenov\u011b dostupnou \u0159adou na trhu plnospektr\u00e1ln\u00edho osv\u011btlen\u00ed.<\/li>\n<li><b>Velkou v\u00fdhodou sv\u00edtidla <\/b>je jeho velikost, d\u00edky n\u00ed\u017e sv\u00edtidlo p\u0159i p\u0159\u00edm\u00e9m pohledu na n\u011bj <a href=\"https:\/\/www.svitimprotebe.cz\/index-oslneni-ugr-unified-glare-rating\/\" target=\"_blank\" rel=\"noopener\">neosl\u0148uje<\/a>.<\/li>\n<li><strong>Hled\u00e1te sv\u00edtidlo pro osv\u011btlen\u00ed otev\u0159en\u00fdch m\u00edstnost\u00ed, kde se z\u00e1rove\u0148 nach\u00e1z\u00ed ob\u00fdv\u00e1k, kuchy\u0148 i j\u00eddeln\u00ed st\u016fl? <\/strong>Sv\u00edtidlo Orbis Plate m\u00e1 dostate\u010dn\u011b vysok\u00fd v\u00fdkon na to, aby takov\u00e9to prostory osv\u011btlilo. Pokud si nejste jist\u00ed, kolik sv\u00edtidel pou\u017e\u00edt, nev\u00e1hejte se na n\u00e1s obr\u00e1tit, r\u00e1di v\u00e1m <a href=\"https:\/\/www.svitimprotebe.cz\/kontakty\/\" target=\"_blank\" rel=\"noopener\">porad\u00edme<\/a>.<\/li>\n<\/ul>\n<\/div>\n<\/div>\n","protected":false},"excerpt":{"rendered":"<p>Plnospektr\u00e1ln\u00ed sv\u00edtidlo ORBIS PLATE se postar\u00e1 o <strong>pohodovou atmosf\u00e9ru v&nbsp;ka\u017ed\u00e9 m\u00edstnosti<\/strong> va\u0161eho domova. Sv\u00fdm vzhledem i funk\u010dn\u00edmi vlastnostmi napodobuje slune\u010dn\u00ed z\u00e1\u0159en\u00ed. ORBIS PLATE um\u00ed m\u011bnit teplotu barvy sv\u011btla i intenzitu osv\u011btlen\u00ed b\u011bhem dne t\u00e9m\u011b\u0159 toto\u017en\u011b jako slunce. V&nbsp;rann\u00edch a odpoledn\u00edch hodin\u00e1ch studenou barvou <strong>stimuluje k&nbsp;aktivit\u011b<\/strong>, zat\u00edmco nave\u010der teplou barvou <strong>pom\u016f\u017ee ke zklidn\u011bn\u00ed a umo\u017en\u00ed relaxovat<\/strong>. Dos\u00e1hnete t\u00edm kvalitn\u011bj\u0161\u00edho sp\u00e1nku a dal\u0161\u00ed den <strong>budete znovu svou produktivitou vy\u010dn\u00edvat z&nbsp;davu<\/strong>.<\/p>\n","protected":false},"featured_media":7248,"template":"","meta":{"_acf_changed":false},"product_brand":[],"product_cat":[170,304,2018,23,570],"product_tag":[38],"class_list":{"0":"post-1948","1":"product","2":"type-product","3":"status-publish","4":"has-post-thumbnail","6":"product_cat-rada-sun_at_home","7":"product_cat-plnospektralni-led-svitidla","8":"product_cat-plnospektralni-led-svitidla-podle-typu-montaze","9":"product_cat-plnospektralni-zdrave-osvetleni","10":"product_cat-stropni-plnospektralni","11":"product_tag-ledvance","12":"product_shipping_class-zakladni","13":"pa_barva-svitidla-bila","14":"pa_chytre-svitidlo-ano","15":"pa_doba-pouzivani-celodenni-osvetleni-24-h","16":"pa_doba-pouzivani-probouzeni-svetlem","17":"pa_material-plast","18":"pa_meni-barvy-tw-varianta-ano","19":"pa_moznosti-ovladani-aplikace-ledvance-smart-wifi","20":"pa_napajeni-sit-230-ac","21":"pa_sirka-prumer-1606","22":"pa_stmivatelne-ano","23":"pa_stupen-kryti-ip-ip20","24":"pa_styl-minimalisticky-a-seversky","25":"pa_styl-moderni","26":"pa_svetelny-tok-2001-2200-lm","27":"pa_teplota-barvy-2200-2500-k","28":"pa_teplota-barvy-2700-3000-k","29":"pa_teplota-barvy-4000-5000-k","30":"pa_tvar-svitidla-kruhove","31":"pa_typ-produktu-led-svitidlo","32":"pa_umisteni-montaz-stropni","33":"pa_vhodne-do-chodba","34":"pa_vhodne-do-detsky-pokoj","35":"pa_vhodne-do-garaz","36":"pa_vhodne-do-kuchyne","37":"pa_vhodne-do-loznice","38":"pa_vhodne-do-obyvaci-pokoj","39":"pa_vhodne-do-pracovna","40":"pa_vhodne-do-puda","41":"pa_vhodne-do-satna","42":"pa_vhodne-do-schodiste","43":"pa_vhodne-do-spiz","44":"pa_vhodne-do-technicka-mistnost","45":"pa_vhodne-do-zachod","46":"pa_vykon-21-35-w","47":"pa_vymenitelny-svetelny-zdroj-ne","48":"pa_vyska-1228","49":"pa_zpusob-vyzarovani-prime","50":"pa_zpusob-zapojeni-prime-zapojeni","52":"first","53":"instock","54":"taxable","55":"shipping-taxable","56":"purchasable","57":"product-type-simple"},"acf":[],"_links":{"self":[{"href":"https:\/\/svitimprotebe.cz\/eshop\/wp-json\/wp\/v2\/product\/1948","targetHints":{"allow":["GET"]}}],"collection":[{"href":"https:\/\/svitimprotebe.cz\/eshop\/wp-json\/wp\/v2\/product"}],"about":[{"href":"https:\/\/svitimprotebe.cz\/eshop\/wp-json\/wp\/v2\/types\/product"}],"version-history":[{"count":0,"href":"https:\/\/svitimprotebe.cz\/eshop\/wp-json\/wp\/v2\/product\/1948\/revisions"}],"wp:featuredmedia":[{"embeddable":true,"href":"https:\/\/svitimprotebe.cz\/eshop\/wp-json\/wp\/v2\/media\/7248"}],"wp:attachment":[{"href":"https:\/\/svitimprotebe.cz\/eshop\/wp-json\/wp\/v2\/media?parent=1948"}],"wp:term":[{"taxonomy":"product_brand","embeddable":true,"href":"https:\/\/svitimprotebe.cz\/eshop\/wp-json\/wp\/v2\/product_brand?post=1948"},{"taxonomy":"product_cat","embeddable":true,"href":"https:\/\/svitimprotebe.cz\/eshop\/wp-json\/wp\/v2\/product_cat?post=1948"},{"taxonomy":"product_tag","embeddable":true,"href":"https:\/\/svitimprotebe.cz\/eshop\/wp-json\/wp\/v2\/product_tag?post=1948"}],"curies":[{"name":"wp","href":"https:\/\/api.w.org\/{rel}","templated":true}]}}