{"id":43927,"date":"2022-06-24T06:46:30","date_gmt":"2022-06-24T04:46:30","guid":{"rendered":"https:\/\/svitimprotebe.cz\/eshop\/?post_type=product&#038;p=43927"},"modified":"2025-07-21T13:22:10","modified_gmt":"2025-07-21T11:22:10","slug":"zaveska-ucho-zm","status":"publish","type":"product","link":"https:\/\/svitimprotebe.cz\/eshop\/zaveska-ucho-zm\/","title":{"rendered":"Z\u00e1v\u011bska UCHO-ZM"},"content":{"rendered":"<p><P><STRONG>\u00da\u010del produktu<\/STRONG><BR>&nbsp;&#8211; pro zav\u011b\u0161en\u00ed sv\u00edtidel vybaven\u00fdch mal\u00fdm z\u00e1mkem (ZM)<\/P><br \/>\n<P><STRONG>Instalace<\/STRONG><BR>&nbsp;&#8211; vsunut\u00edm do dr\u00e1\u017eky profilu tak, aby se ob\u011b poloviny UCHA vz\u00e1jemn\u011b p\u0159ekryly<BR>&nbsp;&#8211; aretace z\u00e1v\u011bsky pomoc\u00ed Blok\u00e1dy ZM<BR>&nbsp;&#8211; prota\u017een\u00edm lanka a n\u00e1slednou aretac\u00ed lanka pomoc\u00ed Svorky na ocelov\u00e9 lanko<\/P><br \/>\n<P><STRONG>Dal\u0161\u00ed informace<\/STRONG><BR>&nbsp;&#8211; UCHO lze p\u0159esouvat na libovoln\u00e9 m\u00edsto i po kompletaci sv\u00edtidla se z\u00e1slepkami<BR>&nbsp;&#8211; spolupracuje s&nbsp;jin\u00fdmi komponenty b\u011b\u017en\u011b dostupn\u00fdmi na trhu, jako jsou h\u00e1\u010dky, karabinky, lanka, \u0159et\u00edzky atd.<BR><BR><STRONG>POZOR!<\/STRONG> Pou\u017eit\u00ed pouze v&nbsp;horizont\u00e1ln\u00ed poloze. UCHO pou\u017eit\u00e9 s&nbsp;kovov\u00fdmi sv\u00edtidly proveden\u00e9 ve t\u0159\u00edd\u011b 1 (ochrana p\u0159ed nebezpe\u010dn\u00fdm dotykem nulov\u00e1n\u00edm) mus\u00ed m\u00edt trval\u00fd kontakt s&nbsp;uzemn\u011bn\u00edm. <\/P><\/p>\n","protected":false},"excerpt":{"rendered":"<p><P><FONT size=5>\u2022 <\/FONT>Z\u00e1v\u011bska UCHO&nbsp;se skl\u00e1d\u00e1 ze dvou polovin s&nbsp;otvory (dod\u00e1v\u00e1no v\u017edy v&nbsp;p\u00e1ru)<BR><FONT size=5>\u2022 <\/FONT>Jednotuch\u00e1 mont\u00e1\u017e&nbsp;vsunut\u00edm do mal\u00e9ho z\u00e1mku (ZM) profilu<BR><FONT size=5>\u2022 <\/FONT>Snadn\u00e9 nastaven\u00ed v\u00fd\u0161ky sv\u00edtidla prota\u017een\u00edm lanka p\u0159es otvor z\u00e1v\u011bsky a n\u00e1slednou aretac\u00ed lanka<BR><FONT size=5>\u2022 <\/FONT>Bezpe\u010dn\u00e1 blokace obou polovin UCHA pomoc\u00ed Blok\u00e1dy ZM<\/P><\/p>\n","protected":false},"featured_media":26158,"template":"","meta":{"_acf_changed":false},"product_brand":[],"product_cat":[327,323,358,470,33],"product_tag":[194],"class_list":{"0":"post-43927","1":"product","2":"type-product","3":"status-publish","4":"has-post-thumbnail","6":"product_cat-prislusenstvi","7":"product_cat-profily-pro-led-pasky","8":"product_cat-zavesky-ucho","9":"product_cat-zavesne-prvky","10":"product_cat-zdrave-osvetleni","11":"product_tag-klus","12":"product_shipping_class-zakladni","14":"first","15":"instock","16":"taxable","17":"shipping-taxable","18":"purchasable","19":"product-type-simple"},"acf":[],"_links":{"self":[{"href":"https:\/\/svitimprotebe.cz\/eshop\/wp-json\/wp\/v2\/product\/43927","targetHints":{"allow":["GET"]}}],"collection":[{"href":"https:\/\/svitimprotebe.cz\/eshop\/wp-json\/wp\/v2\/product"}],"about":[{"href":"https:\/\/svitimprotebe.cz\/eshop\/wp-json\/wp\/v2\/types\/product"}],"version-history":[{"count":0,"href":"https:\/\/svitimprotebe.cz\/eshop\/wp-json\/wp\/v2\/product\/43927\/revisions"}],"wp:featuredmedia":[{"embeddable":true,"href":"https:\/\/svitimprotebe.cz\/eshop\/wp-json\/wp\/v2\/media\/26158"}],"wp:attachment":[{"href":"https:\/\/svitimprotebe.cz\/eshop\/wp-json\/wp\/v2\/media?parent=43927"}],"wp:term":[{"taxonomy":"product_brand","embeddable":true,"href":"https:\/\/svitimprotebe.cz\/eshop\/wp-json\/wp\/v2\/product_brand?post=43927"},{"taxonomy":"product_cat","embeddable":true,"href":"https:\/\/svitimprotebe.cz\/eshop\/wp-json\/wp\/v2\/product_cat?post=43927"},{"taxonomy":"product_tag","embeddable":true,"href":"https:\/\/svitimprotebe.cz\/eshop\/wp-json\/wp\/v2\/product_tag?post=43927"}],"curies":[{"name":"wp","href":"https:\/\/api.w.org\/{rel}","templated":true}]}}