{"id":44067,"date":"2022-06-24T06:47:47","date_gmt":"2022-06-24T04:47:47","guid":{"rendered":"https:\/\/svitimprotebe.cz\/eshop\/?post_type=product&#038;p=44067"},"modified":"2025-11-04T21:22:54","modified_gmt":"2025-11-04T20:22:54","slug":"kabelova-pruchodka-8-1","status":"publish","type":"product","link":"https:\/\/svitimprotebe.cz\/eshop\/kabelova-pruchodka-8-1\/","title":{"rendered":"Kabelov\u00e1 pr\u016fchodka M8 x 1"},"content":{"rendered":"<p><strong>\u00da\u010del produktu<\/strong><br \/>\n&#8211; vyveden\u00ed vodi\u010de ze sv\u00edtidla a n\u00e1sledn\u00e9 ut\u011bsn\u011bn\u00ed<br \/>\n&#8211; ochrana vodi\u010de p\u0159ed po\u0161kozen\u00edm izolace<br \/>\n&#8211; pro vodi\u010de s&nbsp;izolac\u00ed a kruhov\u00fdm pr\u016f\u0159ezem a pr\u016fm\u011brem 3,5 &#8211; 5 mm<\/p>\n<p><strong>Instalace<\/strong><br \/>\n&#8211;\u00a0na\u0161roubov\u00e1n\u00edm do otvoru se z\u00e1vitem\u00a0a dota\u017een\u00edm kabelov\u00e9 pr\u016fchodky kl\u00ed\u010dem velikosti 11<\/p>\n<p><strong>Dal\u0161\u00ed informace<\/strong><br \/>\n&#8211; \u00farove\u0148 ochrany: IP66 \/ IP68 &#8211; 5 bar\u016f<br \/>\n&#8211; typ z\u00e1vitu: M8 x 1,0<br \/>\n&#8211; pr\u016fm\u011br otvoru na kabel: 3,5 &#8211; 5 mm<br \/>\n&#8211; doporu\u010den\u00fd to\u010div\u00fd moment: 3,0 Nm<br \/>\n&#8211; typ materi\u00e1lu: t\u011blo &#8211; poniklovan\u00e1 mosaz<br \/>\n&#8211; teplotn\u00ed rozsah: od -20&nbsp;\u00b0C do +100&nbsp;\u00b0C<\/p>\n","protected":false},"excerpt":{"rendered":"<p><span style=\"font-size: x-large;\"><strong>\u2022 <\/strong><\/span><span style=\"font-size: medium;\">Ochrana vodi\u010de<\/span><br \/>\n<strong><span style=\"font-size: x-large;\">\u2022 <\/span><\/strong>Odolnost proti teplot\u00e1m<br \/>\n<strong><span style=\"font-size: x-large;\">\u2022 <\/span><\/strong>Zv\u00fd\u0161en\u00e1 chemick\u00e1 odolnost<br \/>\n<span style=\"font-size: x-large;\"><strong>\u2022<\/strong> <span style=\"font-size: medium;\">Pro pr\u016fm\u011br vodi\u010de 3,5 \u2022\u00a05 mm<\/span><\/span><\/p>\n","protected":false},"featured_media":46282,"template":"","meta":{"_acf_changed":false},"product_brand":[],"product_cat":[33,323,327,472],"product_tag":[194],"class_list":{"0":"post-44067","1":"product","2":"type-product","3":"status-publish","4":"has-post-thumbnail","6":"product_cat-zdrave-osvetleni","7":"product_cat-profily-pro-led-pasky","8":"product_cat-prislusenstvi","9":"product_cat-tesnici-prvky","10":"product_tag-klus","11":"product_shipping_class-zakladni","13":"first","14":"instock","15":"taxable","16":"shipping-taxable","17":"purchasable","18":"product-type-simple"},"acf":[],"_links":{"self":[{"href":"https:\/\/svitimprotebe.cz\/eshop\/wp-json\/wp\/v2\/product\/44067","targetHints":{"allow":["GET"]}}],"collection":[{"href":"https:\/\/svitimprotebe.cz\/eshop\/wp-json\/wp\/v2\/product"}],"about":[{"href":"https:\/\/svitimprotebe.cz\/eshop\/wp-json\/wp\/v2\/types\/product"}],"version-history":[{"count":0,"href":"https:\/\/svitimprotebe.cz\/eshop\/wp-json\/wp\/v2\/product\/44067\/revisions"}],"wp:featuredmedia":[{"embeddable":true,"href":"https:\/\/svitimprotebe.cz\/eshop\/wp-json\/wp\/v2\/media\/46282"}],"wp:attachment":[{"href":"https:\/\/svitimprotebe.cz\/eshop\/wp-json\/wp\/v2\/media?parent=44067"}],"wp:term":[{"taxonomy":"product_brand","embeddable":true,"href":"https:\/\/svitimprotebe.cz\/eshop\/wp-json\/wp\/v2\/product_brand?post=44067"},{"taxonomy":"product_cat","embeddable":true,"href":"https:\/\/svitimprotebe.cz\/eshop\/wp-json\/wp\/v2\/product_cat?post=44067"},{"taxonomy":"product_tag","embeddable":true,"href":"https:\/\/svitimprotebe.cz\/eshop\/wp-json\/wp\/v2\/product_tag?post=44067"}],"curies":[{"name":"wp","href":"https:\/\/api.w.org\/{rel}","templated":true}]}}