{"id":5304,"date":"2022-01-03T14:52:44","date_gmt":"2022-01-03T13:52:44","guid":{"rendered":"https:\/\/svitimprotebe.cz\/eshop\/produkt\/natureconnect\/"},"modified":"2025-07-21T14:39:18","modified_gmt":"2025-07-21T12:39:18","slug":"natureconnect","status":"publish","type":"product","link":"https:\/\/svitimprotebe.cz\/eshop\/natureconnect\/","title":{"rendered":"Plnospektr\u00e1ln\u00ed osv\u011btlen\u00ed NatureConnect"},"content":{"rendered":"<p>Denn\u00ed sv\u011btlo je pro n\u00e1s natolik p\u0159irozen\u00e9, \u017ee si \u010dasto ani neuv\u011bdomujeme, kolik pozitiv pro na\u0161e organismy p\u0159in\u00e1\u0161\u00ed. <strong>Vystaven\u00ed se spr\u00e1vn\u00e9mu mno\u017estv\u00ed sv\u011btla<\/strong> p\u0159es den, spolu se spr\u00e1vnou barvou a dynamikou z&nbsp;p\u0159\u00edrody, <strong>ovliv\u0148uje na\u0161\u00ed n\u00e1ladu<\/strong>, <strong>\u00farove\u0148 energie<\/strong>, <strong>pohodl\u00ed<\/strong>, <strong>kvalitu sp\u00e1nku<\/strong> a hlavn\u011b na\u0161e <strong>zdrav\u00ed<\/strong>. Pr\u016fm\u011brn\u011b str\u00e1v\u00edme v\u00edce jak 90% na\u0161eho \u010dasu v&nbsp;uzav\u0159en\u00fdch prostor\u00e1ch, kde v\u0161ak nedost\u00e1v\u00e1me dostate\u010dn\u00e9 a ani kvalitn\u00ed sv\u011btlo, kter\u00e9 by n\u00e1s nab\u00edjelo a udr\u017eovalo ve zdrav\u00e9m stavu. Inovace v&nbsp;osv\u011btlen\u00ed NatureConnect od spole\u010dnosti Signify je vytvo\u0159ena na principu zdrav\u00e9ho osv\u011btlen\u00ed, kter\u00e9 m\u00e1 za c\u00edl n\u00e1s znovu propojit s&nbsp;vn\u011bj\u0161\u00edm sv\u011btem. <strong>Napodobuje p\u0159irozen\u00e9 vzorce denn\u00edho sv\u011btla<\/strong> v&nbsp;interi\u00e9ru a vytv\u00e1\u0159\u00ed pohodln\u00e1, poutav\u00e1 a atraktivn\u00ed prost\u0159ed\u00ed.<\/p>\n<h3>Inovativn\u00ed \u0159e\u0161en\u00ed v\u011brohodn\u00e9 denn\u00edmu sv\u011btlu<\/h3>\n<p>\u0158e\u0161en\u00ed osv\u011btlen\u00ed NatureConnect kombinuje t\u0159i r\u016fzn\u00e1 LED sv\u00edtidla s&nbsp;intuitivn\u00edm ovl\u00e1d\u00e1n\u00edm pro pohlcuj\u00edc\u00ed p\u0159\u00edrodn\u00ed sv\u011bteln\u00fd z\u00e1\u017eitek.<\/p>\n<ol>\n<li><strong>Daylight (denn\u00ed sv\u011btlo) <\/strong>&#8211; napodobuje ka\u017edodenn\u00ed rytmus v\u00fdchodu a z\u00e1padu slunce tak, aby byl \u010dlov\u011bk aktivn\u00ed v&nbsp;pr\u016fb\u011bhu dne a b\u011bhem noci odpo\u010d\u00edval.<\/li>\n<li><strong>Skylight (modr\u00e1 obloha) <\/strong>&#8211; simuluje pohled na oblohu, d\u00edky \u010demu\u017e vytv\u00e1\u0159\u00ed i v&nbsp;mal\u00e9 m\u00edstnosti pocit velk\u00e9ho prostoru a z\u00e1rove\u0148 v\u00e1s propoj\u00ed s&nbsp;p\u0159\u00edrodou.<\/li>\n<li><strong>Lightscape (imitace krajiny) <\/strong>&#8211; poskytuje p\u0159irozen\u00e9 barvy a vytv\u00e1\u0159\u00ed tak na zdi dynamiku pro dokonal\u00fd sv\u011bteln\u00fd z\u00e1\u017eitek.<\/li>\n<\/ol>\n<p>&nbsp;<\/p>\n<p><img fetchpriority=\"high\" decoding=\"async\" class=\"aligncenter\" src=\"https:\/\/www.svitimprotebe.cz\/wp-content\/uploads\/2021\/08\/daylightskylightatd-1024x576.png\" alt=\"\" width=\"1024\" height=\"576\" \/><\/p>\n<h3>Spr\u00e1vn\u00e9 sv\u011btlo pro ka\u017edou situaci<\/h3>\n<p>NatureConnect vyu\u017e\u00edv\u00e1 pokro\u010dil\u00e9 nastaven\u00ed a intuitivn\u00ed ovl\u00e1d\u00e1n\u00ed, co\u017e umo\u017e\u0148uje vytv\u00e1\u0159et takov\u00e9 osv\u011btlen\u00ed, kter\u00e9 se <strong>pln\u011b p\u0159izp\u016fsob\u00ed va\u0161im pot\u0159eb\u00e1m<\/strong>. Re\u017eim <strong>Day Rhythm<\/strong> (denn\u00ed rytmus) poskytuje dynamick\u00e9 sv\u011btlo kop\u00edruj\u00edc\u00ed slune\u010dn\u00ed z\u00e1\u0159en\u00ed v&nbsp;pr\u016fb\u011bhu dne. B\u011b\u017e\u00ed automaticky a zaji\u0161tuje tak <strong>spr\u00e1vn\u00e9 osv\u011btlen\u00ed ve spr\u00e1vnou denn\u00ed dobu<\/strong>. Intuitivn\u00ed bezdr\u00e1tov\u00fd n\u00e1st\u011bnn\u00fd ovlada\u010d, kter\u00fd je sou\u010d\u00e1st\u00ed sv\u00edtidla,<span style=\"color: #ff00ff;\">\u00a0<\/span>pak umo\u017e\u0148uje u\u017eivateli vybrat si mezi automatick\u00fdm denn\u00edm rytmem, nebo jednou ze t\u0159\u00ed p\u0159irozen\u00fdch sv\u011bteln\u00fdch sc\u00e9n.<\/p>\n<p>Prvn\u00ed sv\u011bteln\u00e1 sc\u00e9na<strong>\u00a0&#8220;Energize&#8221; (povzbuzuj\u00edc\u00ed)<\/strong> se v\u00fdborn\u011b hod\u00ed nap\u0159\u00edklad p\u0159i pracovn\u00edch porad\u00e1ch, kdy nad\u0159\u00edzen\u00fd chce od \u010dlen\u016f sv\u00e9ho t\u00fdmu konstruktivn\u00ed n\u00e1pady pro vy\u0159e\u0161en\u00ed probl\u00e9mu, neboli pro tzv. brainstorming. Druh\u00e1 sc\u00e9na <strong>&#8220;Relax&#8221; (relaxa\u010dn\u00ed)<\/strong> je naopak vhodn\u00e1 pro p\u0159est\u00e1vku p\u0159ed dal\u0161\u00ed sch\u016fzkou nebo poradou, kdy pot\u0159ebujete p\u0159ej\u00edt alespo\u0148 na chv\u00edli na jin\u00e9 my\u0161lenky. Tak\u00e9 ji m\u016f\u017eete vyu\u017e\u00edvat, pokud pracujete pozd\u011b ve ve\u010dern\u00edch hodin\u00e1ch. Posledn\u00ed sv\u011bteln\u00e1 sc\u00e9na <strong>&#8220;Present&#8221; (koncentrace)<\/strong> se pak perfektn\u011b hod\u00ed p\u0159i p\u0159edstavov\u00e1n\u00ed nov\u00fdch projekt\u016f nebo pl\u00e1n\u016f spole\u010dnosti na p\u0159\u00ed\u0161t\u00ed rok, nebo\u0165 dok\u00e1\u017ee stimulovat va\u0161e zam\u011bstnance k&nbsp;vy\u0161\u0161\u00ed pozornosti.<\/p>\n<div class=\"gdc_row\"><div class=\"gdc_column gdc_cthird\"><div class=\"gdc_inner\"><\/p>\n<h5 style=\"text-align: center;\"><strong>Z\u00edskejte okam\u017eitou energii<\/strong><\/h5>\n<p style=\"text-align: center;\"><img decoding=\"async\" class=\"aligncenter\" src=\"https:\/\/svitimprotebe.cz\/eshop\/wp-content\/uploads\/2021\/12\/energize-259x300.jpg\" alt=\"\" width=\"127\" height=\"146\" \/><img decoding=\"async\" class=\"aligncenter\" src=\"https:\/\/www.svitimprotebe.cz\/wp-content\/uploads\/2021\/08\/energize-1.jpg\" alt=\"\" width=\"410\" height=\"379\" \/><\/p>\n<div><\/div>\n<p><\/div><\/div><div class=\"gdc_column gdc_cthird\"><div class=\"gdc_inner\"><\/p>\n<h5 style=\"text-align: center;\"><strong>Relaxujte a vy\u010dist\u011bte si mysl<\/strong><\/h5>\n<div><img loading=\"lazy\" decoding=\"async\" class=\"aligncenter\" src=\"https:\/\/www.svitimprotebe.cz\/wp-content\/uploads\/2021\/08\/relax-300x291.jpg\" alt=\"\" width=\"151\" height=\"148\" \/><img loading=\"lazy\" decoding=\"async\" class=\"aligncenter\" src=\"https:\/\/www.svitimprotebe.cz\/wp-content\/uploads\/2021\/08\/relax-1.jpg\" alt=\"\" width=\"409\" height=\"379\" \/><\/div>\n<div><\/div>\n<p><\/div><\/div><div class=\"gdc_column gdc_cthird\"><div class=\"gdc_inner\"><\/p>\n<h5 style=\"text-align: center;\"><strong>Soust\u0159e\u010fte svoji pozornost<\/strong><\/h5>\n<div><img loading=\"lazy\" decoding=\"async\" class=\"aligncenter\" src=\"https:\/\/www.svitimprotebe.cz\/wp-content\/uploads\/2021\/08\/present-300x296.jpg\" alt=\"\" width=\"151\" height=\"148\" \/><img loading=\"lazy\" decoding=\"async\" class=\"aligncenter\" src=\"https:\/\/www.svitimprotebe.cz\/wp-content\/uploads\/2021\/08\/Present-1.jpg\" alt=\"\" width=\"407\" height=\"229\" \/><\/div>\n<div><\/div>\n<p><\/div><\/div><\/div>\n<h3>Jak\u00e9 jsou v\u00fdhody NatureConnect osv\u011btlen\u00ed?<\/h3>\n<div class=\"gdc_row\"><div class=\"gdc_column gdc_cthird\"><div class=\"gdc_inner\"><\/p>\n<h5 style=\"text-align: center;\"><strong>Upev\u0148uje denn\u00ed re\u017eim<\/strong><\/h5>\n<p style=\"text-align: center;\">Podporuje p\u0159irozen\u00fd <a href=\"https:\/\/www.svitimprotebe.cz\/cirkadianni-rytmus\/\" target=\"_blank\" rel=\"noopener\">cirkadi\u00e1nn\u00ed rytmus<\/a> tak, abyste byli p\u0159es den aktivn\u00ed a b\u011bhem ve\u010dera odpo\u010d\u00edvali<\/p>\n<p><img loading=\"lazy\" decoding=\"async\" class=\"aligncenter\" src=\"https:\/\/svitimprotebe.cz\/eshop\/wp-content\/uploads\/2022\/01\/ikona-2-300x270.jpg\" alt=\"\" width=\"180\" height=\"162\" \/><\/p>\n<p style=\"text-align: left;\"><\/div><\/div><div class=\"gdc_column gdc_cthird\"><div class=\"gdc_inner\"><\/p>\n<h5 style=\"text-align: center;\"><strong>Zvy\u0161uje pracovn\u00ed produktivitu<\/strong><\/h5>\n<p style=\"text-align: center;\">D\u00edky <a href=\"https:\/\/www.svitimprotebe.cz\/benefity-zdraveho-osvetleni\/\" target=\"_blank\" rel=\"noopener\">pozitivn\u00edmu vlivu zdrav\u00e9ho osv\u011btlen\u00ed<\/a> na kognitivn\u00ed funkce zlep\u0161uje pracovn\u00ed v\u00fdkony jednotlivce i t\u00fdmu<\/p>\n<p><img loading=\"lazy\" decoding=\"async\" class=\"aligncenter\" src=\"https:\/\/svitimprotebe.cz\/eshop\/wp-content\/uploads\/2022\/01\/ikona-3-300x271.jpg\" alt=\"\" width=\"180\" height=\"163\" \/><\/p>\n<p><\/div><\/div><div class=\"gdc_column gdc_cthird\"><div class=\"gdc_inner\"><\/p>\n<h5 style=\"text-align: center;\"><strong>Vytv\u00e1\u0159\u00ed inspiruj\u00edc\u00ed prost\u0159ed\u00ed<\/strong><\/h5>\n<p style=\"text-align: center;\">Vylep\u0161uje image va\u0161\u00ed spole\u010dnosti vytv\u00e1\u0159en\u00edm \u017eiv\u00e9, radostn\u00e9 a p\u0159\u00edjemn\u00e9 atmosf\u00e9ry<\/p>\n<p><img loading=\"lazy\" decoding=\"async\" class=\"aligncenter\" src=\"https:\/\/svitimprotebe.cz\/eshop\/wp-content\/uploads\/2022\/01\/ikona-1-300x270.jpg\" alt=\"\" width=\"180\" height=\"162\" \/><\/p>\n<p><\/div><\/div><\/div>\n<h3>Do kter\u00fdch prostor\u016f doporu\u010dujeme sv\u00edtidlo NatureConnect pou\u017e\u00edt?<\/h3>\n<p>Sv\u00edtidlo NatureConnect je skv\u011blou volbou pro <strong>v\u0161echny pracovn\u00ed vnit\u0159n\u00ed prostory<\/strong>, kde lid\u00e9 tr\u00e1v\u00ed b\u011bhem dne hodn\u011b \u010dasu.<\/p>\n<div class=\"gdc_row\"><div class=\"gdc_column gdc_cquarter\"><div class=\"gdc_inner\"><\/p>\n<p><img loading=\"lazy\" decoding=\"async\" class=\"aligncenter wp-image-10580\" src=\"https:\/\/svitimprotebe.cz\/eshop\/wp-content\/uploads\/2022\/04\/Obrazek3.jpg\" alt=\"\" width=\"250\" height=\"213\" \/><\/p>\n<h5 style=\"text-align: center;\"><strong>\u00a0Meetingov\u00e9 m\u00edstnosti<\/strong><\/h5>\n<p style=\"text-align: center;\">Vytvo\u0159te kreativn\u00ed, pozitivn\u00ed a atraktivn\u00ed pracovn\u00ed prost\u0159ed\u00ed pro sv\u00e9 zam\u011bstnance<\/p>\n<p><\/div><\/div><div class=\"gdc_column gdc_cquarter\"><div class=\"gdc_inner\"><\/p>\n<p><img loading=\"lazy\" decoding=\"async\" class=\"aligncenter wp-image-10581\" src=\"https:\/\/svitimprotebe.cz\/eshop\/wp-content\/uploads\/2022\/04\/Obrazek2-1.jpg\" alt=\"\" width=\"250\" height=\"213\" \/><\/p>\n<h5 style=\"text-align: center;\"><strong>Odpo\u010dinkov\u00e1 m\u00edstnost<\/strong><\/h5>\n<p style=\"text-align: center;\">Dop\u0159ejte si zaslou\u017een\u00fd odpo\u010dinek po n\u00e1ro\u010dn\u00e9 konferenci v&nbsp;p\u0159\u00edjemn\u00e9 a komfortn\u00ed atmosf\u00e9\u0159e<\/p>\n<p><\/div><\/div><div class=\"gdc_column gdc_cquarter\"><div class=\"gdc_inner\"><\/p>\n<p><img loading=\"lazy\" decoding=\"async\" class=\"aligncenter wp-image-10582\" src=\"https:\/\/svitimprotebe.cz\/eshop\/wp-content\/uploads\/2022\/04\/Obrazek4.jpg\" alt=\"\" width=\"250\" height=\"213\" \/><\/p>\n<h5 style=\"text-align: center;\"><strong>Pe\u010dovatelsk\u00e9 domy<\/strong><\/h5>\n<p style=\"text-align: center;\">Vytvo\u0159te zdrav\u00e9 prost\u0159ed\u00ed pro lidi, kte\u0159\u00ed tr\u00e1v\u00ed dlouh\u00e9 chv\u00edle ve vnit\u0159n\u00edch prostor\u00e1ch<\/p>\n<p><\/div><\/div><div class=\"gdc_column gdc_cquarter\"><div class=\"gdc_inner\"><\/p>\n<p><img loading=\"lazy\" decoding=\"async\" class=\"aligncenter wp-image-10583\" src=\"https:\/\/svitimprotebe.cz\/eshop\/wp-content\/uploads\/2022\/04\/Obrazek5.jpg\" alt=\"\" width=\"250\" height=\"213\" \/><\/p>\n<h5 style=\"text-align: center;\"><strong>Konferen\u010dn\u00ed centra<\/strong><\/h5>\n<p style=\"text-align: center;\">Vytvo\u0159te vhodn\u00fd prostor pro lep\u0161\u00ed interakci a spolupr\u00e1ci vedouc\u00ed k&nbsp;\u00fasp\u011bch\u016fm va\u0161\u00ed spole\u010dnosti<\/p>\n<p><\/div><\/div><\/div>\n<h3>P\u0159\u00edpadov\u00e1 studie: V\u00fdzkumn\u00e9 centrum Ceitec v&nbsp;Brn\u011b<\/h3>\n<p><strong>V interi\u00e9rech tr\u00e1v\u00edme v\u011bt\u0161inou a\u017e 80&nbsp;% na\u0161eho \u010dasu<\/strong>. A jestli tak dlouh\u00e1 doba plat\u00ed pro n\u011bkoho obzvl\u00e1\u0161\u0165, jsou to bezesporu v\u011bdci, kte\u0159\u00ed v&nbsp;laborato\u0159\u00edch \u010di kancel\u00e1\u0159\u00edch str\u00e1v\u00ed skute\u010dn\u011b v\u011bt\u0161inu dne. Proto na <strong>Ceitecu,<\/strong> <strong>v\u00fdzkumn\u00e9m centru v&nbsp;Brn\u011b<\/strong>, nyn\u00ed pou\u017e\u00edvaj\u00ed zdrav\u00e9 osv\u011btlen\u00ed, kter\u00e9 <strong>napodobuje denn\u00ed oblohu <\/strong>a zvy\u0161uje tak jejich produktivitu, posiluje <a href=\"https:\/\/www.svitimprotebe.cz\/cirkadianni-rytmus\/\" target=\"_blank\" rel=\"noopener\">cirkadi\u00e1nn\u00ed rytmus<\/a> \u010di eliminuje p\u00e1len\u00ed o\u010d\u00ed. Ospalost, rozhozen\u00fd denn\u00ed re\u017eim, nedostatek kreativity \u010di zhor\u0161en\u00e1 n\u00e1lada jsou p\u0159itom \u010dast\u00fdmi probl\u00e9my v\u011bdc\u016f i mnoha dal\u0161\u00edch lid\u00ed, kte\u0159\u00ed pracuj\u00ed v&nbsp;m\u00edstnostech s&nbsp;nevhodn\u00fdch osv\u011btlen\u00edm. Sv\u00edtidlo NatureConnect jsme nainstalovali do kancel\u00e1\u0159e v&nbsp;p\u0159\u00edzem\u00ed, do kter\u00e9 pronik\u00e1 b\u011bhem dne pouh\u00e9 minimum slune\u010dn\u00edch paprsk\u016f, aby vytv\u00e1\u0159elo <strong>dostate\u010dn\u00e9 mno\u017estv\u00ed sv\u011btla. <\/strong>Dostatek sv\u011btla je p\u0159itom nesm\u00edrn\u011b d\u016fle\u017eit\u00fd pro n\u011bkolik fyziologick\u00fdch d\u011bj\u016f odehr\u00e1vaj\u00edc\u00edch se v&nbsp;na\u0161em organismu<strong>. <\/strong>Pokud byste tak\u00e9 cht\u011bli vyu\u017e\u00edt na\u0161eho kompletn\u00edho <a href=\"https:\/\/www.svitimprotebe.cz\/sluzby\/navrhy-vypocty-a-vizualizace-osvetleni\/\" target=\"_blank\" rel=\"noopener\">\u0159e\u0161en\u00ed &#8220;NA KL\u00cd\u010c&#8221;<\/a>, kter\u00e9 zahrnuje n\u00e1vrh, vizualizaci a v\u00fdpo\u010det osv\u011btlen\u00ed v\u010detn\u011b dod\u00e1n\u00ed i mont\u00e1\u017ee, vypl\u0148te <a href=\"https:\/\/www.svitimprotebe.cz\/kontakty\/\" target=\"_blank\" rel=\"noopener\">popt\u00e1vkov\u00fd formul\u00e1\u0159<\/a> pro na\u0161\u00ed prvn\u00ed spole\u010dnou sch\u016fzku,<strong> kter\u00e1 je zdarma<\/strong>.<\/p>\n<p><iframe title=\"Zdrav\u00e9 osv\u011btlen\u00ed NatureConnect od Signify\" width=\"800\" height=\"450\" src=\"https:\/\/www.youtube.com\/embed\/T6C9MSeQtPg?feature=oembed&#038;enablejsapi=1&#038;origin=https:\/\/svitimprotebe.cz\" frameborder=\"0\" allow=\"accelerometer; autoplay; clipboard-write; encrypted-media; gyroscope; picture-in-picture; web-share\" referrerpolicy=\"strict-origin-when-cross-origin\" allowfullscreen><\/iframe><\/p>\n<h3>Pro\u010d pr\u00e1v\u011b Signify?<\/h3>\n<p>Spole\u010dnost Signify se \u0159ad\u00ed mezi sv\u011btovou \u0161pi\u010dku v&nbsp;oblasti osv\u011btlen\u00ed a jejich technologov\u00e9 respektuj\u00ed <strong>lidskou pot\u0159ebu adekv\u00e1tn\u00edho a zdrav\u00e9ho sv\u011btla<\/strong>. \u0158e\u0161en\u00ed NatureConnect je tedy zalo\u017eeno na d\u016fkladn\u00e9m v\u00fdzkumu <strong>vlivu p\u0159\u00edrody na \u010dlov\u011bka<\/strong>. Na z\u00e1klad\u011b princip\u016f a algoritm\u016f z&nbsp;p\u0159\u00edrody vytv\u00e1\u0159\u00ed bohatou nab\u00eddku sv\u011bteln\u00fdch sc\u00e9n pro vnit\u0159n\u00ed prostory, kter\u00e9 se nav\u00edc dok\u00e1\u017eou p\u0159izp\u016fsobit ka\u017ed\u00e9 va\u0161\u00ed aktivit\u011b.<\/p>\n<p><img loading=\"lazy\" decoding=\"async\" src=\"https:\/\/www.svitimprotebe.cz\/wp-content\/uploads\/2021\/08\/krajina.jpg\" alt=\"\" width=\"1841\" height=\"401\" \/><\/p>\n","protected":false},"excerpt":{"rendered":"<p>Sv\u00edtidlo NatureConnect je navr\u017eeno tak, aby <strong>kop\u00edrovalo p\u0159irozen\u00e9 sv\u011btlo na obloze v&nbsp;pr\u016fb\u011bhu dne<\/strong>. D\u00edky t\u00e9to vlastnosti vytv\u00e1\u0159\u00ed v&nbsp;m\u00edstnosti adekv\u00e1tn\u00ed mno\u017estv\u00ed sv\u011btla podle denn\u00ed doby. NatureConnect se tedy perfektn\u011b hod\u00ed pro nasv\u00edcen\u00ed kancel\u00e1\u0159\u00ed, pracoven, konferen\u010dn\u00edch m\u00edstnost\u00ed, v\u00fdzkumn\u00fdch center a v\u0161ech dal\u0161\u00edch vnit\u0159n\u00edch prostor\u016f ur\u010den\u00fdch k&nbsp;pr\u00e1ci. Napodobov\u00e1n\u00edm denn\u00edho sv\u011btla <strong>navod\u00ed v&nbsp;m\u00edstnosti p\u0159\u00edjemnou atmosf\u00e9ru<\/strong>, kter\u00e1 v\u00e1m dopom\u016f\u017ee k&nbsp;pozitivn\u00ed n\u00e1lad\u011b, zv\u00fd\u0161en\u00e9 koncentraci a lep\u0161\u00edm pracovn\u00edm v\u00fdsledk\u016fm.<\/p>\n","protected":false},"featured_media":593,"template":"","meta":{"_acf_changed":false},"product_brand":[],"product_cat":[167,304,2018,23,570,571],"product_tag":[25],"class_list":{"0":"post-5304","1":"product","2":"type-product","3":"status-publish","4":"has-post-thumbnail","6":"product_cat-virtualni-slunecni-okno","7":"product_cat-plnospektralni-led-svitidla","8":"product_cat-plnospektralni-led-svitidla-podle-typu-montaze","9":"product_cat-plnospektralni-zdrave-osvetleni","10":"product_cat-stropni-plnospektralni","11":"product_cat-zavesna-plnospektralni","12":"product_tag-signify","13":"product_shipping_class-zakladni","14":"pa_barva-svitidla-bila","15":"pa_barva-svitidla-seda-antracit","16":"pa_chytre-svitidlo-ano","17":"pa_doba-pouzivani-denni-osvetleni","18":"pa_doba-pouzivani-probouzeni-svetlem","19":"pa_material-kov","20":"pa_material-plast","21":"pa_meni-barvy-tw-varianta-ano","22":"pa_moznosti-ovladani-dali","23":"pa_stmivatelne-ano","24":"pa_stupen-kryti-ip-ip20","25":"pa_styl-industrialni","26":"pa_styl-moderni","27":"pa_tvar-svitidla-ctvercove","28":"pa_tvar-svitidla-obdelnikove","29":"pa_typ-produktu-led-svitidlo","30":"pa_umisteni-montaz-nastenne","31":"pa_umisteni-montaz-prisazene-montaz-na-povrch","32":"pa_umisteni-montaz-stropni","33":"pa_umisteni-montaz-zapustene","34":"pa_umisteni-montaz-zavesne","35":"pa_vhodne-do-detsky-pokoj","36":"pa_vhodne-do-kuchyne","37":"pa_vhodne-do-loznice","38":"pa_vhodne-do-obyvaci-pokoj","39":"pa_vhodne-do-pracovna","40":"pa_zpusob-vyzarovani-prime","41":"pa_zpusob-zapojeni-prime-zapojeni","43":"first","44":"onbackorder","45":"taxable","46":"shipping-taxable","47":"purchasable","48":"product-type-simple"},"acf":[],"_links":{"self":[{"href":"https:\/\/svitimprotebe.cz\/eshop\/wp-json\/wp\/v2\/product\/5304","targetHints":{"allow":["GET"]}}],"collection":[{"href":"https:\/\/svitimprotebe.cz\/eshop\/wp-json\/wp\/v2\/product"}],"about":[{"href":"https:\/\/svitimprotebe.cz\/eshop\/wp-json\/wp\/v2\/types\/product"}],"version-history":[{"count":0,"href":"https:\/\/svitimprotebe.cz\/eshop\/wp-json\/wp\/v2\/product\/5304\/revisions"}],"wp:featuredmedia":[{"embeddable":true,"href":"https:\/\/svitimprotebe.cz\/eshop\/wp-json\/wp\/v2\/media\/593"}],"wp:attachment":[{"href":"https:\/\/svitimprotebe.cz\/eshop\/wp-json\/wp\/v2\/media?parent=5304"}],"wp:term":[{"taxonomy":"product_brand","embeddable":true,"href":"https:\/\/svitimprotebe.cz\/eshop\/wp-json\/wp\/v2\/product_brand?post=5304"},{"taxonomy":"product_cat","embeddable":true,"href":"https:\/\/svitimprotebe.cz\/eshop\/wp-json\/wp\/v2\/product_cat?post=5304"},{"taxonomy":"product_tag","embeddable":true,"href":"https:\/\/svitimprotebe.cz\/eshop\/wp-json\/wp\/v2\/product_tag?post=5304"}],"curies":[{"name":"wp","href":"https:\/\/api.w.org\/{rel}","templated":true}]}}