{"id":5577,"date":"2022-01-03T15:36:56","date_gmt":"2022-01-03T14:36:56","guid":{"rendered":"https:\/\/svitimprotebe.cz\/eshop\/produkt\/basicdim-wireless-module-2\/"},"modified":"2026-03-17T06:59:08","modified_gmt":"2026-03-17T05:59:08","slug":"basicdim-wireless-module-2","status":"publish","type":"product","link":"https:\/\/svitimprotebe.cz\/eshop\/basicdim-wireless-module-2\/","title":{"rendered":"\u0158\u00edd\u00edc\u00ed modul CASAMBI"},"content":{"rendered":"<h3>Vlastnosti<\/h3>\n<ul>\n<li>Nastaven\u00ed pomoc\u00ed mobiln\u00ed aplikace\u00a0<a href=\"https:\/\/www.tridonic.com\/com\/en\/products\/app-4remote-bt.asp\" target=\"_blank\" rel=\"noopener\">4remote BT<\/a>.<\/li>\n<li>Automaticky vytv\u00e1\u0159\u00ed bezdr\u00e1tovou komunika\u010dn\u00ed s\u00ed\u0165 mezi dal\u0161\u00edmi prvky Casambi<\/li>\n<li>Mal\u00e9 rozm\u011bry pro snadnou instalaci<\/li>\n<li>Ovl\u00e1d\u00e1n\u00ed jasu a teploty b\u00edl\u00e9 barvy<\/li>\n<li>Z\u00e1ruka 5 let<\/li>\n<\/ul>\n<h3>Technick\u00e9 detaily<\/h3>\n<ul>\n<li>Vstup: 230V AC<\/li>\n<li>Rozm\u011bry 57 x 36 x 22 mm<\/li>\n<li>Konfigurovateln\u00fd v\u00fdstup:\n<ul>\n<li>Analogov\u00fd v\u00fdstup: 0 &#8211; 10 V&nbsp;\/ 1 &#8211; 10 V&nbsp;\/ sinking \/ sourcing<\/li>\n<li>Digit\u00e1ln\u00ed v\u00fdstup: DALI<\/li>\n<li>Sp\u00ednan\u00fd s\u00ed\u0165ov\u00fd v\u00fdstup pro p\u0159ipojen\u00ed rel\u00e9<\/li>\n<\/ul>\n<\/li>\n<\/ul>\n<p>&nbsp;<\/p>\n<p>BasicDIM Wireless je bezdr\u00e1tov\u00e1 \u0159\u00eddic\u00ed jednotka pro stm\u00edvateln\u00e9 LED ovlada\u010de s&nbsp;0 &#8211; 10 V, 1 &#8211; 10 V&nbsp;nebo rozhran\u00edm DALI pro stm\u00edv\u00e1n\u00ed. Za\u0159\u00edzen\u00ed je ur\u010deno k&nbsp;integraci do sv\u00edtidla. \u0158\u00eddic\u00ed v\u00fdstup lze nakonfigurovat bu\u010f jako analogov\u00fd 0 &#8211; 10 V&nbsp;(a 1 &#8211; 10 V), nebo jako digit\u00e1ln\u00ed samostatn\u00e9 \u0159\u00eddic\u00ed rozhran\u00ed DALI. Pokud je v\u00fdstup nakonfigurov\u00e1n jako Standalone DALI, basicDIM Wireless funguje jako \u0159\u00eddic\u00ed jednotka i jako nap\u00e1jec\u00ed zdroj, co\u017e umo\u017e\u0148uje p\u0159ipojen\u00ed p\u0159\u00edmo k&nbsp;ovlada\u010di LED s&nbsp;rozhran\u00edm DALI, ani\u017e by bylo nutn\u00e9 pou\u017e\u00edvat p\u0159\u00eddavn\u00e9 za\u0159\u00edzen\u00ed extern\u00edho nap\u00e1jen\u00ed DALI. Toto tzv. Standalone DALI umo\u017e\u0148uje realizovat v\u00edcekan\u00e1lov\u00e1 sv\u00edtidla s&nbsp;nastavitelnou barvou (RGB) nebo barevnou teplotou, a to p\u0159i zachov\u00e1n\u00ed kabel\u00e1\u017ee a po\u010dtu komponent\u016f na minimum. BasicDIM Wireless nen\u00ed v&nbsp;souladu s&nbsp;normou IEC 60929, a proto nen\u00ed ur\u010den k&nbsp;p\u0159ipojen\u00ed ke st\u00e1vaj\u00edc\u00ed s\u00edti DALI. Modul m\u016f\u017ee b\u00fdt pou\u017e\u00edvat pouze v&nbsp;uzav\u0159en\u00e9m syst\u00e9mu, tj. uvnit\u0159 sv\u00edtidla, kter\u00e9 nem\u00e1 s\u00ed\u0165ov\u00fd kabel. basicDIM Wireless je ovl\u00e1d\u00e1n bezdr\u00e1tov\u011b pomoc\u00ed sv\u00edtidla, kter\u00e9 nem\u00e1 extern\u00ed rozhran\u00ed DALI, chytr\u00fdm telefonem nebo tabletem s&nbsp;aplikac\u00ed 4remote. Za\u0159\u00edzen\u00ed automaticky vytv\u00e1\u0159ej\u00ed zabezpe\u010denou bezdr\u00e1tovou s\u00ed\u0165 mesh, tak\u017ee je mo\u017en\u00e9 ovl\u00e1dat v\u011bt\u0161\u00ed po\u010det sv\u00edtidel z&nbsp;libovoln\u00e9ho m\u00edsta. \u017d\u00e1dn\u00e1 extern\u00ed br\u00e1na nen\u00ed zapot\u0159eb\u00ed. basicDIM Wireless lze ovl\u00e1dat tak\u00e9 ze standardn\u00edch za\u0159\u00edzen\u00ed n\u00e1st\u011bnn\u00fdch vyp\u00edna\u010d\u016f.<\/p>\n<h3>Funkce<\/h3>\n<p>Od v\u00fdrobn\u00edho \u010d\u00edsla #1648 nebo vy\u0161\u0161\u00edho je z\u00e1kladn\u00ed bezdr\u00e1tov\u00e9 za\u0159\u00edzen\u00ed DIM Wireless pln\u011b kompatibiln\u00ed se s\u00edt\u011bmi, kter\u00e9 podporuj\u00ed a\u017e 250 uzl\u016f (s\u00edt\u011b Evolution). Za\u0159\u00edzen\u00ed s&nbsp;ni\u017e\u0161\u00edm v\u00fdrobn\u00edm \u010d\u00edslem jsou pouze kompatibiln\u00ed se s\u00edt\u011bmi, kter\u00e9 podporuj\u00ed max. 127 za\u0159\u00edzen\u00ed (Classic s\u00edt\u011b). V\u00fdrobn\u00ed \u010d\u00edslo najdete na boku modulu. Pokud je modul basicDIM Wireless pou\u017e\u00edv\u00e1n s&nbsp;r\u016fzn\u00fdmi typy modul\u016f basicDIM Wireless v&nbsp;s\u00edti Evolution, mus\u00ed b\u00fdt p\u0159edt\u00edm zkontrolov\u00e1na jejich kompatibilita. Pokud za\u0159\u00edzen\u00ed nen\u00ed kompatibiln\u00ed se s\u00edt\u011bmi Evolution, m\u016f\u017ee se b\u00fdt pou\u017eito pouze v&nbsp;s\u00edt\u00edch Classic. Za\u0159\u00edzen\u00ed je ur\u010deno k&nbsp;zabudov\u00e1n\u00ed do sv\u00edtidla. V\u00fdstup m\u016f\u017ee b\u00fdt nakonfigurov\u00e1n bu\u010f jako analogov\u00fd 0 &#8211; 10 V&nbsp;(a 1 &#8211; 10 V), nebo jako digit\u00e1ln\u00ed Standalone DALI \u0159\u00eddic\u00ed rozhran\u00ed. Pokud je v\u00fdstup nakonfigurov\u00e1n jako Standalone DALI, basicDIM Wireless se chov\u00e1 jako jako \u0159\u00eddic\u00ed jednotka i jako nap\u00e1jec\u00ed zdroj, co\u017e umo\u017e\u0148uje p\u0159ipojovat p\u0159\u00edmo k&nbsp;ovlada\u010di LED s&nbsp;rozhran\u00edm DALI, ani\u017e by bylo nutn\u00e9 pou\u017e\u00edvat p\u0159\u00eddavn\u00e9 za\u0159\u00edzen\u00ed extern\u00edho nap\u00e1jen\u00ed DALI. Pro aplikace, kde nelze ovlada\u010d LED Driver zcela vypnout prost\u0159ednictv\u00edm jeho ovl\u00e1dac\u00edho rozhran\u00ed, je basicDIM Wireless vybaven ovladateln\u00fdm sp\u00ednan\u00fdm s\u00ed\u0165ov\u00fd v\u00fdstup. Tento s\u00ed\u0165ov\u00fd v\u00fdstup je odeb\u00edr\u00e1n p\u0159\u00edmo ze s\u00ed\u0165ov\u00e9ho vstupu a veden p\u0159es pojistku a polovodi\u010dov\u00e9 rel\u00e9. \u0158\u00eddic\u00ed v\u00fdstup basicDIM Wireless je dvojit\u011b izolov\u00e1n od s\u00ed\u0165ov\u00e9ho nap\u011bt\u00ed. \u0158\u00eddic\u00ed v\u00fdstup je chr\u00e1n\u011bn proti zkratu. V\u00edce za\u0159\u00edzen\u00ed automaticky vytv\u00e1\u0159\u00ed s\u00ed\u0165, kterou lze ovl\u00e1dat z&nbsp;libovoln\u00e9ho bodu. Tyto s\u00edt\u011b komunikuj\u00ed bezdr\u00e1tov\u011b a p\u0159\u00edmo s&nbsp;chytr\u00fdm telefonem nebo tabletem. Proto je nen\u00ed pot\u0159eba pou\u017e\u00edt extern\u00ed br\u00e1nu nebo bezdr\u00e1tovou s\u00ed\u0165 LAN. basicDIM Wireless m\u00e1 integrovanou ant\u00e9nu 2,4 GHz. Pro optim\u00e1ln\u00ed RF-v\u00fdkonu bude t\u0159eba v\u011bnovat zvl\u00e1\u0161tn\u00ed pozornost, kdy\u017e je za\u0159\u00edzen\u00ed integrov\u00e1no do sv\u00edtidla.\u00a0Za\u0159\u00edzen\u00ed lze ovl\u00e1dat tak\u00e9 b\u011b\u017en\u00fdm n\u00e1st\u011bnn\u00fdm vyp\u00edna\u010dem. P\u0159epnut\u00edm vyp\u00edna\u010de m\u016f\u017ee u\u017eivatel volit r\u016fzn\u00e9 p\u0159ednastaven\u00e9 re\u017eimy. Tyto re\u017eimy mohou ovlivnit jedno nebo v\u00edce za\u0159\u00edzen\u00ed v&nbsp;s\u00edti. T\u00edmto zp\u016fsobem u\u017eivatel nemus\u00ed m\u00edt chytr\u00fd telefon nebo tablet neust\u00e1le po ruce aby mohl zvolit po\u017eadovan\u00e1 nastaven\u00ed nebo re\u017eimy. Nastaven\u00ed a re\u017eimy lze konfigurovat pomoc\u00ed aplikace 4remote. Ta jsou automaticky ulo\u017eeny v&nbsp;cloudov\u00e9 slu\u017eb\u011b Tridonic. Stejn\u00e1 nastaven\u00ed jsou tak k&nbsp;dispozici v\u0161em, kte\u0159\u00ed jsou p\u0159ipojeni k&nbsp;s\u00edti.<\/p>\n<h3>Sch\u00e9ma zapojen\u00ed s&nbsp;tla\u010d\u00edtkem<\/h3>\n<p><img fetchpriority=\"high\" decoding=\"async\" class=\"wp-image-7168 size-full aligncenter\" src=\"https:\/\/svitimprotebe.cz\/eshop\/wp-content\/uploads\/2022\/01\/push-button-1.png\" alt=\"\" width=\"703\" height=\"637\" srcset=\"https:\/\/svitimprotebe.cz\/eshop\/wp-content\/uploads\/2022\/01\/push-button-1.png 703w, https:\/\/svitimprotebe.cz\/eshop\/wp-content\/uploads\/2022\/01\/push-button-1-300x272.png 300w, https:\/\/svitimprotebe.cz\/eshop\/wp-content\/uploads\/2022\/01\/push-button-1-600x544.png 600w, https:\/\/svitimprotebe.cz\/eshop\/wp-content\/uploads\/2022\/01\/push-button-1-480x435.png 480w\" sizes=\"(max-width: 703px) 100vw, 703px\" \/><\/p>\n<h3>Sch\u00e9ma zapojen\u00ed se senzorem<\/h3>\n<p><img decoding=\"async\" class=\"wp-image-7169 size-full aligncenter\" src=\"https:\/\/svitimprotebe.cz\/eshop\/wp-content\/uploads\/2022\/01\/sensor-1.png\" alt=\"\" width=\"791\" height=\"661\" srcset=\"https:\/\/svitimprotebe.cz\/eshop\/wp-content\/uploads\/2022\/01\/sensor-1.png 791w, https:\/\/svitimprotebe.cz\/eshop\/wp-content\/uploads\/2022\/01\/sensor-1-300x251.png 300w, https:\/\/svitimprotebe.cz\/eshop\/wp-content\/uploads\/2022\/01\/sensor-1-768x642.png 768w, https:\/\/svitimprotebe.cz\/eshop\/wp-content\/uploads\/2022\/01\/sensor-1-740x618.png 740w, https:\/\/svitimprotebe.cz\/eshop\/wp-content\/uploads\/2022\/01\/sensor-1-480x401.png 480w, https:\/\/svitimprotebe.cz\/eshop\/wp-content\/uploads\/2022\/01\/sensor-1-600x501.png 600w\" sizes=\"(max-width: 791px) 100vw, 791px\" \/><\/p>\n<h3>Sch\u00e9ma zapojen\u00ed kompatibiln\u00ed<\/h3>\n<p><img decoding=\"async\" class=\"wp-image-7166 size-large aligncenter\" src=\"https:\/\/svitimprotebe.cz\/eshop\/wp-content\/uploads\/2022\/01\/compatible-mode-1-1024x574.png\" alt=\"\" width=\"1024\" height=\"574\" srcset=\"https:\/\/svitimprotebe.cz\/eshop\/wp-content\/uploads\/2022\/01\/compatible-mode-1-1024x574.png 1024w, https:\/\/svitimprotebe.cz\/eshop\/wp-content\/uploads\/2022\/01\/compatible-mode-1-300x168.png 300w, https:\/\/svitimprotebe.cz\/eshop\/wp-content\/uploads\/2022\/01\/compatible-mode-1-768x431.png 768w, https:\/\/svitimprotebe.cz\/eshop\/wp-content\/uploads\/2022\/01\/compatible-mode-1-740x415.png 740w, https:\/\/svitimprotebe.cz\/eshop\/wp-content\/uploads\/2022\/01\/compatible-mode-1-1080x606.png 1080w, https:\/\/svitimprotebe.cz\/eshop\/wp-content\/uploads\/2022\/01\/compatible-mode-1-980x550.png 980w, https:\/\/svitimprotebe.cz\/eshop\/wp-content\/uploads\/2022\/01\/compatible-mode-1-480x269.png 480w, https:\/\/svitimprotebe.cz\/eshop\/wp-content\/uploads\/2022\/01\/compatible-mode-1-600x337.png 600w, https:\/\/svitimprotebe.cz\/eshop\/wp-content\/uploads\/2022\/01\/compatible-mode-1.png 1198w\" sizes=\"(max-width: 1024px) 100vw, 1024px\" \/><\/p>\n<h3>Sch\u00e9ma zapojen\u00ed s&nbsp;rel\u00e9<\/h3>\n<p><img loading=\"lazy\" decoding=\"async\" class=\"wp-image-7167 size-large aligncenter\" src=\"https:\/\/svitimprotebe.cz\/eshop\/wp-content\/uploads\/2022\/01\/relei-1-1024x594.png\" alt=\"\" width=\"1024\" height=\"594\" srcset=\"https:\/\/svitimprotebe.cz\/eshop\/wp-content\/uploads\/2022\/01\/relei-1-1024x594.png 1024w, https:\/\/svitimprotebe.cz\/eshop\/wp-content\/uploads\/2022\/01\/relei-1-300x174.png 300w, https:\/\/svitimprotebe.cz\/eshop\/wp-content\/uploads\/2022\/01\/relei-1-768x445.png 768w, https:\/\/svitimprotebe.cz\/eshop\/wp-content\/uploads\/2022\/01\/relei-1-740x429.png 740w, https:\/\/svitimprotebe.cz\/eshop\/wp-content\/uploads\/2022\/01\/relei-1-1080x626.png 1080w, https:\/\/svitimprotebe.cz\/eshop\/wp-content\/uploads\/2022\/01\/relei-1-980x568.png 980w, https:\/\/svitimprotebe.cz\/eshop\/wp-content\/uploads\/2022\/01\/relei-1-480x278.png 480w, https:\/\/svitimprotebe.cz\/eshop\/wp-content\/uploads\/2022\/01\/relei-1-600x348.png 600w, https:\/\/svitimprotebe.cz\/eshop\/wp-content\/uploads\/2022\/01\/relei-1.png 1207w\" sizes=\"(max-width: 1024px) 100vw, 1024px\" \/><\/p>\n<p>&nbsp;<\/p>\n<h3>P\u0159\u00edprava kabel\u016f<\/h3>\n<p><img loading=\"lazy\" decoding=\"async\" class=\"size-medium wp-image-7170 aligncenter\" src=\"https:\/\/svitimprotebe.cz\/eshop\/wp-content\/uploads\/2022\/01\/dratev-300x147.png\" alt=\"\" width=\"300\" height=\"147\" srcset=\"https:\/\/svitimprotebe.cz\/eshop\/wp-content\/uploads\/2022\/01\/dratev-300x147.png 300w, https:\/\/svitimprotebe.cz\/eshop\/wp-content\/uploads\/2022\/01\/dratev-480x235.png 480w, https:\/\/svitimprotebe.cz\/eshop\/wp-content\/uploads\/2022\/01\/dratev.png 532w\" sizes=\"(max-width: 300px) 100vw, 300px\" \/><\/p>\n<p>Zapojen\u00ed m\u016f\u017ee b\u00fdt ve form\u011b spl\u00e9tan\u00fdch vodi\u010d\u016f s&nbsp;koncovkami nebo pevn\u00fdch vodi\u010d\u016f o pr\u016f\u0159ezu 0,75-1,5 mm\u00b2 (14-22 AWG).<br \/>\nZ&nbsp;kabel\u016f odizolujte 6-7 mm izolace, abyste zajistili spr\u00e1vnou funkci dr\u00e1tov\u00fdch svorek.<br \/>\nMaxim\u00e1ln\u00ed kroutic\u00ed moment na svorkov\u00fdch \u0161roubech je 0,4 Nm.<br \/>\nPro ka\u017edou svorkovnici pou\u017eijte pouze jeden vodi\u010d.<br \/>\nKa\u017ed\u00fd odleh\u010dovac\u00ed kan\u00e1l pou\u017eijte pouze pro jeden kabel.<\/p>\n","protected":false},"excerpt":{"rendered":"<h4>basicDIM Wireless Module<\/h4>\n<p><img loading=\"lazy\" decoding=\"async\" class=\"alignnone size-medium wp-image-7765\" src=\"https:\/\/svitimprotebe.cz\/eshop\/wp-content\/uploads\/2021\/12\/afasfdsdffddddd-300x47.jpg\" alt=\"\" width=\"300\" height=\"47\" srcset=\"https:\/\/svitimprotebe.cz\/eshop\/wp-content\/uploads\/2021\/12\/afasfdsdffddddd-300x47.jpg 300w, https:\/\/svitimprotebe.cz\/eshop\/wp-content\/uploads\/2021\/12\/afasfdsdffddddd-480x75.jpg 480w, https:\/\/svitimprotebe.cz\/eshop\/wp-content\/uploads\/2021\/12\/afasfdsdffddddd.jpg 557w\" sizes=\"(max-width: 300px) 100vw, 300px\" \/><\/p>\n","protected":false},"featured_media":8156,"template":"","meta":{"_acf_changed":false},"product_brand":[],"product_cat":[957,958],"product_tag":[52],"class_list":{"0":"post-5577","1":"product","2":"type-product","3":"status-publish","4":"has-post-thumbnail","6":"product_cat-ovladani-a-rizeni-osvetleni","7":"product_cat-rizeni-casambi","8":"product_tag-tridonic","9":"product_shipping_class-zakladni","10":"pa_delka-1032","11":"pa_meni-barvy-tw-varianta-ano","12":"pa_moznosti-ovladani-casambi","13":"pa_napajeni-sit-230-ac","14":"pa_sirka-prumer-1033","15":"pa_stmivatelne-ano","16":"pa_stupen-kryti-ip-ip20","17":"pa_typ-produktu-ovladani-a-rizeni-osvetleni","18":"pa_vyska-1014","20":"first","21":"instock","22":"taxable","23":"shipping-taxable","24":"purchasable","25":"product-type-simple"},"acf":[],"_links":{"self":[{"href":"https:\/\/svitimprotebe.cz\/eshop\/wp-json\/wp\/v2\/product\/5577","targetHints":{"allow":["GET"]}}],"collection":[{"href":"https:\/\/svitimprotebe.cz\/eshop\/wp-json\/wp\/v2\/product"}],"about":[{"href":"https:\/\/svitimprotebe.cz\/eshop\/wp-json\/wp\/v2\/types\/product"}],"version-history":[{"count":0,"href":"https:\/\/svitimprotebe.cz\/eshop\/wp-json\/wp\/v2\/product\/5577\/revisions"}],"wp:featuredmedia":[{"embeddable":true,"href":"https:\/\/svitimprotebe.cz\/eshop\/wp-json\/wp\/v2\/media\/8156"}],"wp:attachment":[{"href":"https:\/\/svitimprotebe.cz\/eshop\/wp-json\/wp\/v2\/media?parent=5577"}],"wp:term":[{"taxonomy":"product_brand","embeddable":true,"href":"https:\/\/svitimprotebe.cz\/eshop\/wp-json\/wp\/v2\/product_brand?post=5577"},{"taxonomy":"product_cat","embeddable":true,"href":"https:\/\/svitimprotebe.cz\/eshop\/wp-json\/wp\/v2\/product_cat?post=5577"},{"taxonomy":"product_tag","embeddable":true,"href":"https:\/\/svitimprotebe.cz\/eshop\/wp-json\/wp\/v2\/product_tag?post=5577"}],"curies":[{"name":"wp","href":"https:\/\/api.w.org\/{rel}","templated":true}]}}