{"id":5586,"date":"2022-01-03T15:37:00","date_gmt":"2022-01-03T14:37:00","guid":{"rendered":"https:\/\/svitimprotebe.cz\/eshop\/produkt\/napajeci-usb-adapter-2\/"},"modified":"2025-07-21T13:36:30","modified_gmt":"2025-07-21T11:36:30","slug":"napajeci-usb-adapter-2","status":"publish","type":"product","link":"https:\/\/svitimprotebe.cz\/eshop\/napajeci-usb-adapter-2\/","title":{"rendered":"Nap\u00e1jec\u00ed USB adapt\u00e9r"},"content":{"rendered":"","protected":false},"excerpt":{"rendered":"<p>Jedn\u00e1 se o univerz\u00e1ln\u00ed nap\u00e1jec\u00ed USB adapt\u00e9r s&nbsp;parametry 5 V&nbsp;a 500 mA. Adapt\u00e9r je ur\u010den pro dob\u00edjen\u00ed Re-Timer br\u00fdl\u00ed.<\/p>\n","protected":false},"featured_media":115242,"template":"","meta":{"_acf_changed":false},"product_brand":[],"product_cat":[53],"product_tag":[],"class_list":{"0":"post-5586","1":"product","2":"type-product","3":"status-publish","4":"has-post-thumbnail","6":"product_cat-svetelne-bryle-re-timer","7":"product_shipping_class-zakladni","8":"pa_material-kov","9":"pa_material-plast","10":"pa_napajeni-sit-230-ac","11":"pa_typ-produktu-napajeci-zdroj","13":"first","14":"instock","15":"taxable","16":"shipping-taxable","17":"purchasable","18":"product-type-simple"},"acf":[],"_links":{"self":[{"href":"https:\/\/svitimprotebe.cz\/eshop\/wp-json\/wp\/v2\/product\/5586","targetHints":{"allow":["GET"]}}],"collection":[{"href":"https:\/\/svitimprotebe.cz\/eshop\/wp-json\/wp\/v2\/product"}],"about":[{"href":"https:\/\/svitimprotebe.cz\/eshop\/wp-json\/wp\/v2\/types\/product"}],"version-history":[{"count":0,"href":"https:\/\/svitimprotebe.cz\/eshop\/wp-json\/wp\/v2\/product\/5586\/revisions"}],"wp:featuredmedia":[{"embeddable":true,"href":"https:\/\/svitimprotebe.cz\/eshop\/wp-json\/wp\/v2\/media\/115242"}],"wp:attachment":[{"href":"https:\/\/svitimprotebe.cz\/eshop\/wp-json\/wp\/v2\/media?parent=5586"}],"wp:term":[{"taxonomy":"product_brand","embeddable":true,"href":"https:\/\/svitimprotebe.cz\/eshop\/wp-json\/wp\/v2\/product_brand?post=5586"},{"taxonomy":"product_cat","embeddable":true,"href":"https:\/\/svitimprotebe.cz\/eshop\/wp-json\/wp\/v2\/product_cat?post=5586"},{"taxonomy":"product_tag","embeddable":true,"href":"https:\/\/svitimprotebe.cz\/eshop\/wp-json\/wp\/v2\/product_tag?post=5586"}],"curies":[{"name":"wp","href":"https:\/\/api.w.org\/{rel}","templated":true}]}}