{"id":6393,"date":"2022-09-20T14:37:35","date_gmt":"2022-09-20T12:37:35","guid":{"rendered":"https:\/\/svitimprotebe.cz\/eshop\/produkt\/plnospektralni-led-zarovka-e27-2700k-3\/"},"modified":"2026-04-30T19:06:09","modified_gmt":"2026-04-30T17:06:09","slug":"plnospektralni-led-zarovka-eurolighting-e27-8w-2700k","status":"publish","type":"product","link":"https:\/\/svitimprotebe.cz\/eshop\/plnospektralni-led-zarovka-eurolighting-e27-8w-2700k\/","title":{"rendered":"Plnospektr\u00e1ln\u00ed LED \u017e\u00e1rovka euroLighting E27&nbsp;8W 2700K"},"content":{"rendered":"<p>\u017d\u00e1rovka um\u00ed <strong>m\u011bnit intenzitu sv\u00edcen\u00ed mezi 100 %, 40&nbsp;% a 15&nbsp;%<\/strong>. P\u0159i ka\u017ed\u00e9m vypnut\u00ed a zapnut\u00ed \u017e\u00e1rovky rychle za sebou klasick\u00fdm vyp\u00edna\u010dem na st\u011bn\u011b se intenzita automaticky m\u011bn\u00ed mezi t\u011bmito hodnotami. \u017d\u00e1rovka si n\u00e1sledn\u011b po vypnut\u00ed <strong>zapamatuje posledn\u00ed nastavenou intenzitu<\/strong>, ve kter\u00e9 p\u0159edt\u00edm sv\u00edtila. Proto se p\u0159i ka\u017ed\u00e9m zapnut\u00ed rozsv\u00edt\u00ed ve stejn\u00e9 intenzit\u011b, v&nbsp;jak\u00e9 byla p\u0159ed vypnut\u00edm. Aby si v\u0161ak \u017e\u00e1rovka zapamatovala posledn\u00ed hodnotu, <strong>je pot\u0159eba ji po zapnut\u00ed nechat sv\u00edtit alespo\u0148 10 sekund a pot\u00e9 ji po vypnut\u00ed nechat minim\u00e1ln\u011b 10 sekund vypnutou<\/strong>.<\/p>\n<h3>Vlastnosti a v\u00fdhody<\/h3>\n<ul>\n<li><a href=\"https:\/\/www.svitimprotebe.cz\/slovnicek-pojmu\/\" target=\"_blank\" rel=\"noopener\">Teplota barvy sv\u011btla<\/a> 2700K (neutr\u00e1ln\u00ed b\u00edla) se ide\u00e1ln\u011b hod\u00ed pro <strong>denn\u00ed sv\u00edcen\u00ed<\/strong><\/li>\n<li>\u017d\u00e1rovka je vybavena <a href=\"https:\/\/www.svitimprotebe.cz\/plnospektralni-led-osvetleni\/\" target=\"_blank\" rel=\"noopener\">plnospektr\u00e1ln\u00ed<\/a> LED diodou, kter\u00e1 zaji\u0161\u0165uje\u00a0vysokou <a href=\"https:\/\/www.svitimprotebe.cz\/slovnicek-pojmu\/\" target=\"_blank\" rel=\"noopener\">reprodukci barev<\/a> (Ra = 97)<\/li>\n<li>N\u00edzk\u00e1 \u00farove\u0148 <a href=\"https:\/\/www.svitimprotebe.cz\/flikr-aneb-blikani-svetelnych-zdroju-pstlm-a-svm\/\" target=\"_blank\" rel=\"noopener\">blik\u00e1n\u00ed<\/a> (% F &lt; 1%)<\/li>\n<li>Pou\u017eit\u00ed: <strong>soukrom\u00e9 i komer\u010dn\u00ed prostory<\/strong>, hotely nebo galerie<\/li>\n<\/ul>\n<p>&nbsp;<\/p>\n<p><img fetchpriority=\"high\" decoding=\"async\" class=\"aligncenter wp-image-108394 size-large\" src=\"https:\/\/svitimprotebe.cz\/eshop\/wp-content\/uploads\/2022\/01\/IMG_3251-1024x682.jpg\" alt=\"\" width=\"800\" height=\"533\" srcset=\"https:\/\/svitimprotebe.cz\/eshop\/wp-content\/uploads\/2022\/01\/IMG_3251-1024x682.jpg 1024w, https:\/\/svitimprotebe.cz\/eshop\/wp-content\/uploads\/2022\/01\/IMG_3251-740x493.jpg 740w, https:\/\/svitimprotebe.cz\/eshop\/wp-content\/uploads\/2022\/01\/IMG_3251-300x200.jpg 300w, https:\/\/svitimprotebe.cz\/eshop\/wp-content\/uploads\/2022\/01\/IMG_3251-768x512.jpg 768w, https:\/\/svitimprotebe.cz\/eshop\/wp-content\/uploads\/2022\/01\/IMG_3251-1536x1024.jpg 1536w, https:\/\/svitimprotebe.cz\/eshop\/wp-content\/uploads\/2022\/01\/IMG_3251-2048x1365.jpg 2048w, https:\/\/svitimprotebe.cz\/eshop\/wp-content\/uploads\/2022\/01\/IMG_3251-1080x720.jpg 1080w, https:\/\/svitimprotebe.cz\/eshop\/wp-content\/uploads\/2022\/01\/IMG_3251-1280x853.jpg 1280w, https:\/\/svitimprotebe.cz\/eshop\/wp-content\/uploads\/2022\/01\/IMG_3251-980x653.jpg 980w, https:\/\/svitimprotebe.cz\/eshop\/wp-content\/uploads\/2022\/01\/IMG_3251-480x320.jpg 480w\" sizes=\"(max-width: 800px) 100vw, 800px\" \/><\/p>\n<h3>V\u011bt\u0161\u00ed radost ze \u017eivota a pohodl\u00ed d\u00edky LED osv\u011btlen\u00ed inspirovan\u00e9ho sluncem<\/h3>\n<ul>\n<li>zlep\u0161en\u00ed vitality a n\u00e1lady,<\/li>\n<li>zv\u00fd\u0161en\u00ed t\u011blesn\u00fdch i du\u0161evn\u00edch v\u00fdkon\u016f,<img decoding=\"async\" class=\"wp-image-4581 alignright\" src=\"https:\/\/www.svitimprotebe.cz\/wp-content\/uploads\/2021\/08\/pos-768x196-1-300x77.png\" alt=\"\" width=\"425\" height=\"109\" \/><\/li>\n<li>\u010dten\u00ed a pr\u00e1ce bez pocitu \u00fanavy,<\/li>\n<li>vytvo\u0159en\u00ed p\u0159\u00edjemn\u00e9 atmosf\u00e9ry,<\/li>\n<li>lep\u0161\u00ed sp\u00e1nek<\/li>\n<li>a mnoho dal\u0161\u00edch <a href=\"https:\/\/www.svitimprotebe.cz\/benefity-zdraveho-osvetleni\/\" target=\"_blank\" rel=\"noopener\">benefit\u016f<\/a>, d\u00edky kter\u00fdm se budete c\u00edtit fit.<\/li>\n<\/ul>\n<p>S plnospektr\u00e1ln\u00edmi \u017e\u00e1rovkami si tak m\u016f\u017eete dop\u0159\u00e1t <strong>pozitivn\u00ed \u00fa\u010dinky slune\u010dn\u00edho z\u00e1\u0159en\u00ed i v&nbsp;pohodl\u00ed sv\u00e9ho domova<\/strong>!<\/p>\n<p><img decoding=\"async\" class=\"alignnone wp-image-4587 size-full\" src=\"https:\/\/www.svitimprotebe.cz\/wp-content\/uploads\/2021\/08\/Vystrizek-4.jpg\" alt=\"\" width=\"1475\" height=\"848\" \/><\/p>\n<p>&nbsp;<\/p>\n<h3>Sv\u011btlo &#8211; v\u00edc ne\u017e jen prost\u0159edek pro zrak<\/h3>\n<p>Osv\u011btlen\u00ed nen\u00ed dnes vn\u00edm\u00e1no pouze jako prost\u0159edek pro nasv\u00edcen\u00ed m\u00edstnosti a designov\u00fd dopln\u011bk prostoru. Slou\u017e\u00ed toti\u017e tak\u00e9 k&nbsp;<strong>emo\u010dn\u00edmu uvoln\u011bn\u00ed<\/strong>, <strong>ovliv\u0148uje zdrav\u00ed \u010dlov\u011bka<\/strong> a hladiny hormon\u016f v&nbsp;t\u011ble a takt\u00e9\u017e napom\u00e1h\u00e1 \u010dlov\u011bku v&nbsp;jeho ka\u017edodenn\u00edch aktivit\u00e1ch. Pouze pokud se c\u00edt\u00edme dob\u0159e a jsme plni energie, u\u017e\u00edv\u00e1me si \u017eivot naplno a jsme v&nbsp;nejlep\u0161\u00ed form\u011b. Pokud n\u00e1m v\u0161ak chyb\u00ed slune\u010dn\u00ed sv\u011btlo, chyb\u00ed n\u00e1m d\u016fle\u017eit\u00fd zdroj energie.<\/p>\n<p><img loading=\"lazy\" decoding=\"async\" class=\"alignnone wp-image-4590 size-full\" src=\"https:\/\/www.svitimprotebe.cz\/wp-content\/uploads\/2021\/08\/Vystrizek2-1.jpg\" alt=\"\" width=\"1702\" height=\"584\" \/><\/p>\n<p>&nbsp;<\/p>\n<h3>Spr\u00e1vn\u00e9 osv\u011btlen\u00ed nen\u00ed p\u0159\u00ednosn\u00e9 pouze pro \u010dlov\u011bka, ale i pro zv\u00ed\u0159ata a rostliny<\/h3>\n<p>U rostlin je zn\u00e1mo, \u017ee bez sv\u011btla nep\u0159e\u017eij\u00ed. Pot\u0159ebuj\u00ed sv\u011btlo jako zdroj sv\u00e9 energie, aby mohly r\u016fst a prov\u00e1d\u011bt fotosynt\u00e9zu. Stejn\u011b to v\u0161ak maj\u00ed v\u0161echny \u017eiv\u00e9 organismy na Zemi. I zv\u00ed\u0159ata pot\u0159ebuj\u00ed sv\u011btlo se spr\u00e1vnou intenzitou podle <a href=\"https:\/\/www.svitimprotebe.cz\/doporucena-doba-pouzivani-svitidel\/\" target=\"_blank\" rel=\"noopener\">denn\u00ed doby<\/a>, aby z\u016fstala zdrav\u00e1 a c\u00edtila se dob\u0159e. Zejm\u00e9na potom dom\u00e1c\u00ed zv\u00ed\u0159ata jako nap\u0159\u00edklad prasata \u010di kr\u00e1vy, kter\u00e1 tr\u00e1v\u00ed v\u011bt\u0161inu \u010dasu b\u011bhem zimy ve chl\u00e9v\u011b. To sam\u00e9 plat\u00ed i pro \u017eivo\u010dichy, kte\u0159\u00ed jsou chov\u00e1ni v&nbsp;ter\u00e1ri\u00edch.<\/p>\n<p>Av\u0161ak co se t\u00fd\u010de um\u011bl\u00e9ho osv\u011btlen\u00ed pro zv\u00ed\u0159ata, mus\u00edme se zm\u00ednit o jedn\u00e9 d\u016fle\u017eit\u00e9 pozn\u00e1mce. <strong>Jednotliv\u00e9 zv\u00ed\u0159ec\u00ed druhy toti\u017e mohou vy\u017eadovat r\u016fzn\u00e9 druhy osv\u011btlen\u00ed<\/strong>. P\u0159i v\u00fdb\u011bru osv\u011btlen\u00ed pro zv\u00ed\u0159ata by se m\u011bly br\u00e1t v&nbsp;potaz ur\u010dit\u00e9 faktory jako p\u0159irozen\u00e9 prost\u0159ed\u00ed nebo vn\u00edm\u00e1n\u00ed sv\u011btla. Zv\u00ed\u0159ata maj\u00ed r\u016fzn\u00e9 receptory barev, nemus\u00ed tedy rozezn\u00e1vat zelen\u00e9, modr\u00e9 \u010di \u010derven\u00e9 sv\u011btlo, jak je tomu u \u010dlov\u011bka.<\/p>\n<h3>Dokumenty ke sta\u017een\u00ed<\/h3>\n<div class=\"gdc_row\"><div class=\"gdc_column gdc_cthird\"><div class=\"gdc_inner\"><\/p>\n<p style=\"text-align: left;\"><a href=\"https:\/\/www.svitimprotebe.cz\/wp-content\/uploads\/2021\/08\/28798039-euroLighting-Endkunden-Flyer-DIN-lang-Einzelseiten-fuer-Web-1.pdf\" target=\"_blank\" rel=\"noopener\"><img loading=\"lazy\" decoding=\"async\" class=\"aligncenter wp-image-4602\" src=\"https:\/\/www.svitimprotebe.cz\/wp-content\/uploads\/2021\/08\/PDF_ikona_nase-300x169.jpg\" alt=\"\" width=\"200\" height=\"113\" \/><\/a><\/p>\n<p style=\"text-align: center;\"><em>HCL (Human Centric Lighting) &#8211; Zdrav\u00e9 osv\u011btlen\u00ed DE<\/em><\/p>\n<p><\/div><\/div><div class=\"gdc_column gdc_cthird\"><div class=\"gdc_inner\"><\/p>\n<p><a href=\"https:\/\/www.svitimprotebe.cz\/wp-content\/uploads\/2021\/08\/28797943-Sonnenlicht-aus-der-Lampe.pdf\" target=\"_blank\" rel=\"noopener\"><img loading=\"lazy\" decoding=\"async\" class=\"aligncenter wp-image-4602\" src=\"https:\/\/www.svitimprotebe.cz\/wp-content\/uploads\/2021\/08\/PDF_ikona_nase-300x169.jpg\" alt=\"\" width=\"200\" height=\"113\" \/><\/a><\/p>\n<p style=\"text-align: center;\"><em>&#8220;Slune\u010dn\u00ed z\u00e1\u0159en\u00ed vyza\u0159ovan\u00e9 va\u0161\u00ed lampou&#8221; DE<\/em><\/p>\n<p><\/div><\/div><div class=\"gdc_column gdc_cthird\"><div class=\"gdc_inner\"><\/p>\n<p><a href=\"https:\/\/www.svitimprotebe.cz\/wp-content\/uploads\/2021\/08\/28807554-Flyer-Beleuchtung-fr-Tiere.pdf\" target=\"_blank\" rel=\"noopener\"><img loading=\"lazy\" decoding=\"async\" class=\"aligncenter wp-image-4602\" src=\"https:\/\/www.svitimprotebe.cz\/wp-content\/uploads\/2021\/08\/PDF_ikona_nase-300x169.jpg\" alt=\"\" width=\"200\" height=\"113\" \/><\/a><\/p>\n<p style=\"text-align: center;\"><span class=\"elementor-button-content-wrapper\"><span class=\"elementor-button-text\">\u00a0<em>Spr\u00e1vn\u00e9 sv\u011btlo pro ka\u017ed\u00fd zv\u00ed\u0159ec\u00ed druh DE<\/em><\/span><\/span><\/p>\n<p><\/div><\/div><\/div>\n","protected":false},"excerpt":{"rendered":"<p>Plnospektr\u00e1ln\u00ed \u017e\u00e1rovka euroLighting vyza\u0159uje<strong>\u00a0sv\u011btlo, kter\u00e9 se podob\u00e1 slune\u010dn\u00edmu z\u00e1\u0159en\u00ed<\/strong>. Tato \u017e\u00e1rovka s&nbsp;teplotou barvy 2700K se v\u00fdborn\u011b hod\u00ed pro osv\u011btlen\u00ed m\u00edstnost\u00ed, ve kter\u00fdch tr\u00e1v\u00edte m\u00e9n\u011b \u010dasu a nechcete rozli\u0161ovat <strong>mezi denn\u00edm a ve\u010dern\u00edm osv\u011btlen\u00edm<\/strong>. Doporu\u010dujeme ji tedy um\u00edstit nap\u0159\u00edklad do lo\u017enice, chodby, sklepa, p\u0159eds\u00edn\u011b, gar\u00e1\u017ee nebo na p\u016fdu.<\/p>\n","protected":false},"featured_media":57583,"template":"","meta":{"_acf_changed":false},"product_brand":[],"product_cat":[33,34,236,23,303,1938],"product_tag":[29],"class_list":{"0":"post-6393","1":"product","2":"type-product","3":"status-publish","4":"has-post-thumbnail","6":"product_cat-zdrave-osvetleni","7":"product_cat-led-zarovky","8":"product_cat-zavit-e27","9":"product_cat-plnospektralni-zdrave-osvetleni","10":"product_cat-plnospektralni-led-zarovky","11":"product_cat-ostatni-plnospektralni-zarovky","12":"product_tag-eurolighting","13":"product_shipping_class-zakladni","14":"pa_chytra-zarovka-ano","15":"pa_material-kuze","16":"pa_material-plast","17":"pa_material-sklo","18":"pa_meni-barvy-tw-varianta-ne","19":"pa_moznosti-ovladani-krokove-pomoci-on-off","20":"pa_napajeni-sit-230-ac","21":"pa_patice-zavit-e27","22":"pa_sirka-prumer-878","23":"pa_stmivatelne-ano","24":"pa_stupen-kryti-ip-ip20","25":"pa_svetelny-tok-601-800-lm","26":"pa_teplota-barvy-2700-3000-k","27":"pa_typ-produktu-led-zarovka","28":"pa_vhodne-do-chodba","29":"pa_vhodne-do-puda","30":"pa_vhodne-do-satna","31":"pa_vhodne-do-sklep","32":"pa_vhodne-do-spiz","33":"pa_vhodne-do-terasa","34":"pa_vykon-6-10-w","35":"pa_vyska-884","37":"first","38":"instock","39":"taxable","40":"shipping-taxable","41":"purchasable","42":"product-type-simple"},"acf":[],"_links":{"self":[{"href":"https:\/\/svitimprotebe.cz\/eshop\/wp-json\/wp\/v2\/product\/6393","targetHints":{"allow":["GET"]}}],"collection":[{"href":"https:\/\/svitimprotebe.cz\/eshop\/wp-json\/wp\/v2\/product"}],"about":[{"href":"https:\/\/svitimprotebe.cz\/eshop\/wp-json\/wp\/v2\/types\/product"}],"version-history":[{"count":0,"href":"https:\/\/svitimprotebe.cz\/eshop\/wp-json\/wp\/v2\/product\/6393\/revisions"}],"wp:featuredmedia":[{"embeddable":true,"href":"https:\/\/svitimprotebe.cz\/eshop\/wp-json\/wp\/v2\/media\/57583"}],"wp:attachment":[{"href":"https:\/\/svitimprotebe.cz\/eshop\/wp-json\/wp\/v2\/media?parent=6393"}],"wp:term":[{"taxonomy":"product_brand","embeddable":true,"href":"https:\/\/svitimprotebe.cz\/eshop\/wp-json\/wp\/v2\/product_brand?post=6393"},{"taxonomy":"product_cat","embeddable":true,"href":"https:\/\/svitimprotebe.cz\/eshop\/wp-json\/wp\/v2\/product_cat?post=6393"},{"taxonomy":"product_tag","embeddable":true,"href":"https:\/\/svitimprotebe.cz\/eshop\/wp-json\/wp\/v2\/product_tag?post=6393"}],"curies":[{"name":"wp","href":"https:\/\/api.w.org\/{rel}","templated":true}]}}