{"id":9758,"date":"2022-03-22T14:04:48","date_gmt":"2022-03-22T13:04:48","guid":{"rendered":"https:\/\/svitimprotebe.cz\/eshop\/?post_type=product&#038;p=9758"},"modified":"2026-03-27T10:07:52","modified_gmt":"2026-03-27T09:07:52","slug":"dvouzilovy-kabel-2x13mm2","status":"publish","type":"product","link":"https:\/\/svitimprotebe.cz\/eshop\/dvouzilovy-kabel-2x13mm2\/","title":{"rendered":"Dvou\u017eilov\u00fd kabel 2&#215;1,3mm2"},"content":{"rendered":"<p>Dvou\u017eilov\u00fd kabel s&nbsp;vodi\u010di AWG 16 obsahuje <strong>dva <\/strong>\u010derveno-\u010dern\u00e9<strong> m\u011bd\u011bn\u00e9 vodi\u010de o pr\u016f\u0159ezu 1,3 mm<\/strong><sup><strong>2<\/strong><\/sup>. Pou\u017e\u00edv\u00e1 se k&nbsp;p\u0159ipojov\u00e1n\u00ed a propojov\u00e1n\u00ed <a href=\"https:\/\/svitimprotebe.cz\/eshop\/plnospektralni-zdrave-osvetleni\/plnospektralni-led-pasky\/jednobarevne\/\" target=\"_blank\" rel=\"noopener\">jednobarevn\u00fdch LED p\u00e1sk\u016f<\/a>. P\u0159i zapojen\u00ed volte maxim\u00e1ln\u00ed d\u00e9lku a vhodn\u00fd pr\u016f\u0159ez vodi\u010de v\u017edy s&nbsp;ohledem na p\u0159\u00edpustn\u00fd \u00fabytek nap\u011bt\u00ed, kter\u00fd na vodi\u010di vznik\u00e1 pr\u016fchodem proudu. Z\u00e1kladn\u00ed balen\u00ed je d\u00e9lky 100&nbsp;m. <strong>Uveden\u00e1 cena je za jeden b\u011b\u017en\u00fd metr.<\/strong><\/p>\n","protected":false},"excerpt":{"rendered":"<p>Dvou\u017eilov\u00fd kabel s&nbsp;vodi\u010di AWG 16 obsahuje <strong>dva <\/strong>\u010derveno-\u010dern\u00e9<strong> m\u011bd\u011bn\u00e9 vodi\u010de o pr\u016f\u0159ezu 1,3 mm<\/strong><sup><strong>2<\/strong><\/sup>. Uveden\u00e1 cena je za jeden b\u011b\u017en\u00fd metr.<\/p>\n","protected":false},"featured_media":9760,"template":"","meta":{"_acf_changed":false},"product_brand":[],"product_cat":[230,1721],"product_tag":[35],"class_list":{"0":"post-9758","1":"product","2":"type-product","3":"status-publish","4":"has-post-thumbnail","6":"product_cat-kabely","7":"product_cat-kabely-v-metrazi","8":"product_tag-mcled","9":"product_shipping_class-zakladni","10":"pa_material-plast","11":"pa_typ-produktu-kabel","13":"first","14":"instock","15":"taxable","16":"shipping-taxable","17":"purchasable","18":"product-type-simple"},"acf":[],"_links":{"self":[{"href":"https:\/\/svitimprotebe.cz\/eshop\/wp-json\/wp\/v2\/product\/9758","targetHints":{"allow":["GET"]}}],"collection":[{"href":"https:\/\/svitimprotebe.cz\/eshop\/wp-json\/wp\/v2\/product"}],"about":[{"href":"https:\/\/svitimprotebe.cz\/eshop\/wp-json\/wp\/v2\/types\/product"}],"version-history":[{"count":0,"href":"https:\/\/svitimprotebe.cz\/eshop\/wp-json\/wp\/v2\/product\/9758\/revisions"}],"wp:featuredmedia":[{"embeddable":true,"href":"https:\/\/svitimprotebe.cz\/eshop\/wp-json\/wp\/v2\/media\/9760"}],"wp:attachment":[{"href":"https:\/\/svitimprotebe.cz\/eshop\/wp-json\/wp\/v2\/media?parent=9758"}],"wp:term":[{"taxonomy":"product_brand","embeddable":true,"href":"https:\/\/svitimprotebe.cz\/eshop\/wp-json\/wp\/v2\/product_brand?post=9758"},{"taxonomy":"product_cat","embeddable":true,"href":"https:\/\/svitimprotebe.cz\/eshop\/wp-json\/wp\/v2\/product_cat?post=9758"},{"taxonomy":"product_tag","embeddable":true,"href":"https:\/\/svitimprotebe.cz\/eshop\/wp-json\/wp\/v2\/product_tag?post=9758"}],"curies":[{"name":"wp","href":"https:\/\/api.w.org\/{rel}","templated":true}]}}